CRAN Package Check Results for Package meteo

Last updated on 2025-07-16 07:49:11 CEST.

Flavor Version Tinstall Tcheck Ttotal Status Flags
r-devel-linux-x86_64-debian-clang 2.0-3 45.63 396.13 441.76 NOTE
r-devel-linux-x86_64-debian-gcc 2.0-3 29.86 264.24 294.10 NOTE
r-devel-linux-x86_64-fedora-clang 2.0-3 701.00 OK
r-devel-linux-x86_64-fedora-gcc 2.0-3 676.30 OK
r-devel-windows-x86_64 2.0-3 42.00 309.00 351.00 OK
r-patched-linux-x86_64 2.0-3 46.38 379.89 426.27 NOTE
r-release-linux-x86_64 2.0-3 42.84 378.37 421.21 NOTE
r-release-macos-arm64 2.0-3 157.00 OK
r-release-macos-x86_64 2.0-3 351.00 OK
r-release-windows-x86_64 2.0-3 43.00 365.00 408.00 OK
r-oldrel-macos-arm64 2.0-3 86.00 OK
r-oldrel-macos-x86_64 2.0-3 258.00 OK
r-oldrel-windows-x86_64 2.0-3 61.00 451.00 512.00 OK

Check Details

Version: 2.0-3
Check: for unstated dependencies in ‘demo’
Result: NOTE 'library' or 'require' call not declared from: ‘xts’ Flavors: r-devel-linux-x86_64-debian-clang, r-devel-linux-x86_64-debian-gcc, r-patched-linux-x86_64, r-release-linux-x86_64

mirror server hosted at Truenetwork, Russian Federation.