Last updated on 2025-11-04 05:51:16 CET.
| Flavor | Version | Tinstall | Tcheck | Ttotal | Status | Flags | 
|---|---|---|---|---|---|---|
| r-devel-linux-x86_64-debian-clang | 2.1.2 | 11.53 | 227.16 | 238.69 | OK | |
| r-devel-linux-x86_64-debian-gcc | 2.1.2 | 7.38 | 166.60 | 173.98 | OK | |
| r-devel-linux-x86_64-fedora-clang | 2.1.2 | 52.00 | 318.58 | 370.58 | OK | |
| r-devel-linux-x86_64-fedora-gcc | 2.1.2 | 22.00 | 347.50 | 369.50 | OK | |
| r-devel-windows-x86_64 | 2.1.2 | 16.00 | 270.00 | 286.00 | OK | |
| r-patched-linux-x86_64 | 2.1.2 | 15.18 | 224.80 | 239.98 | OK | |
| r-release-linux-x86_64 | 2.1.2 | 10.17 | 222.48 | 232.65 | OK | |
| r-release-macos-arm64 | 2.1.2 | 5.00 | 116.00 | 121.00 | OK | |
| r-release-macos-x86_64 | 2.1.2 | 10.00 | 250.00 | 260.00 | OK | |
| r-release-windows-x86_64 | 2.1.2 | 17.00 | 268.00 | 285.00 | OK | |
| r-oldrel-macos-arm64 | 2.1.2 | 5.00 | 125.00 | 130.00 | NOTE | |
| r-oldrel-macos-x86_64 | 2.1.2 | 11.00 | 244.00 | 255.00 | NOTE | |
| r-oldrel-windows-x86_64 | 2.1.2 | 23.00 | 329.00 | 352.00 | NOTE | 
Version: 2.1.2
Check: installed package size
Result: NOTE
    installed size is  5.1Mb
    sub-directories of 1Mb or more:
      doc   3.5Mb
Flavors: r-oldrel-macos-arm64, r-oldrel-macos-x86_64, r-oldrel-windows-x86_64