CRAN Package Check Results for Package metaSurvival

Last updated on 2025-07-15 00:50:07 CEST.

Flavor Version Tinstall Tcheck Ttotal Status Flags
r-devel-linux-x86_64-debian-clang 0.1.0 1.93 20.75 22.68 OK
r-devel-linux-x86_64-debian-gcc 0.1.0 1.56 16.86 18.42 OK
r-devel-linux-x86_64-fedora-clang 0.1.0 33.61 NOTE
r-devel-linux-x86_64-fedora-gcc 0.1.0 32.05 NOTE
r-devel-windows-x86_64 0.1.0 3.00 39.00 42.00 OK
r-patched-linux-x86_64 0.1.0 2.03 18.53 20.56 OK
r-release-linux-x86_64 0.1.0 1.79 18.29 20.08 OK
r-release-macos-arm64 0.1.0 17.00 OK
r-release-macos-x86_64 0.1.0 24.00 OK
r-release-windows-x86_64 0.1.0 3.00 44.00 47.00 OK
r-oldrel-macos-arm64 0.1.0 16.00 OK
r-oldrel-macos-x86_64 0.1.0 21.00 OK
r-oldrel-windows-x86_64 0.1.0 4.00 42.00 46.00 OK

Check Details

Version: 0.1.0
Check: dependencies in R code
Result: NOTE Namespace in Imports field not imported from: ‘survival’ All declared Imports should be used. Flavors: r-devel-linux-x86_64-fedora-clang, r-devel-linux-x86_64-fedora-gcc

mirror server hosted at Truenetwork, Russian Federation.