Last updated on 2025-11-04 11:52:35 CET.
| Flavor | Version | Tinstall | Tcheck | Ttotal | Status | Flags | 
|---|---|---|---|---|---|---|
| r-devel-linux-x86_64-debian-clang | 1.1.4 | 58.42 | 308.64 | 367.06 | NOTE | |
| r-devel-linux-x86_64-debian-gcc | 1.1.4 | 35.42 | 193.68 | 229.10 | NOTE | |
| r-devel-linux-x86_64-fedora-clang | 1.1.4 | 104.00 | 489.30 | 593.30 | NOTE | |
| r-devel-linux-x86_64-fedora-gcc | 1.1.4 | 85.00 | 500.17 | 585.17 | NOTE | |
| r-devel-windows-x86_64 | 1.1.4 | 62.00 | 262.00 | 324.00 | NOTE | |
| r-patched-linux-x86_64 | 1.1.4 | 52.68 | 298.25 | 350.93 | NOTE | |
| r-release-linux-x86_64 | 1.1.4 | 54.39 | 292.70 | 347.09 | NOTE | |
| r-release-macos-arm64 | 1.1.4 | 24.00 | 127.00 | 151.00 | NOTE | |
| r-release-macos-x86_64 | 1.1.4 | 32.00 | 235.00 | 267.00 | NOTE | |
| r-release-windows-x86_64 | 1.1.4 | 56.00 | 260.00 | 316.00 | NOTE | |
| r-oldrel-macos-arm64 | 1.1.4 | 22.00 | 109.00 | 131.00 | OK | |
| r-oldrel-macos-x86_64 | 1.1.4 | 25.00 | 181.00 | 206.00 | OK | |
| r-oldrel-windows-x86_64 | 1.1.4 | 78.00 | 367.00 | 445.00 | OK | 
Version: 1.1.4
Check: DESCRIPTION meta-information
Result: NOTE
    Missing dependency on R >= 4.1.0 because package code uses the pipe
    |> or function shorthand \(...) syntax added in R 4.1.0.
    File(s) using such syntax:
      ‘metaRangePriorityQueue.Rd’ ‘metaRangeProcess.Rd’
Flavors: r-devel-linux-x86_64-debian-clang, r-devel-linux-x86_64-debian-gcc, r-devel-linux-x86_64-fedora-clang, r-devel-linux-x86_64-fedora-gcc, r-devel-windows-x86_64, r-patched-linux-x86_64, r-release-linux-x86_64, r-release-macos-arm64, r-release-macos-x86_64, r-release-windows-x86_64