Last updated on 2024-05-28 12:56:21 CEST.
Flavor | Version | Tinstall | Tcheck | Ttotal | Status | Flags |
---|---|---|---|---|---|---|
r-devel-linux-x86_64-debian-clang | 0.2.3 | 420.73 | 162.82 | 583.55 | NOTE | |
r-devel-linux-x86_64-debian-gcc | 0.2.3 | 304.11 | 211.26 | 515.37 | NOTE | |
r-devel-linux-x86_64-fedora-clang | 0.2.3 | 896.53 | NOTE | |||
r-devel-linux-x86_64-fedora-gcc | 0.2.3 | 1039.24 | NOTE | |||
r-devel-windows-x86_64 | 0.2.3 | 332.00 | 144.00 | 476.00 | NOTE | |
r-patched-linux-x86_64 | 0.2.3 | 376.69 | 219.38 | 596.07 | NOTE | |
r-release-linux-x86_64 | 0.2.3 | 360.12 | 208.17 | 568.29 | NOTE | |
r-release-macos-arm64 | 0.2.3 | 150.00 | NOTE | |||
r-release-windows-x86_64 | 0.2.3 | 330.00 | 147.00 | 477.00 | NOTE | |
r-oldrel-macos-arm64 | 0.2.3 | 215.00 | NOTE | |||
r-oldrel-macos-x86_64 | 0.2.3 | 308.00 | NOTE | |||
r-oldrel-windows-x86_64 | 0.2.3 | 409.00 | 182.00 | 591.00 | NOTE |
Version: 0.2.3
Check: C++ specification
Result: NOTE
Specified C++11: please drop specification unless essential
Flavors: r-devel-linux-x86_64-debian-clang, r-devel-linux-x86_64-debian-gcc, r-devel-linux-x86_64-fedora-clang, r-devel-linux-x86_64-fedora-gcc, r-devel-windows-x86_64, r-patched-linux-x86_64, r-release-linux-x86_64, r-release-macos-arm64, r-release-windows-x86_64, r-oldrel-macos-arm64, r-oldrel-macos-x86_64, r-oldrel-windows-x86_64
Version: 0.2.3
Check: installed package size
Result: NOTE
installed size is 20.2Mb
sub-directories of 1Mb or more:
libs 19.1Mb
Flavors: r-release-macos-arm64, r-oldrel-macos-arm64, r-oldrel-macos-x86_64