Last updated on 2025-11-04 11:52:35 CET.
| Flavor | Version | Tinstall | Tcheck | Ttotal | Status | Flags | 
|---|---|---|---|---|---|---|
| r-devel-linux-x86_64-debian-clang | 4.2-3 | 7.97 | 45.26 | 53.23 | NOTE | |
| r-devel-linux-x86_64-debian-gcc | 4.2-3 | 5.97 | 35.61 | 41.58 | NOTE | |
| r-devel-linux-x86_64-fedora-clang | 4.2-3 | 19.00 | 60.21 | 79.21 | OK | |
| r-devel-linux-x86_64-fedora-gcc | 4.2-3 | 20.00 | 68.65 | 88.65 | OK | |
| r-devel-windows-x86_64 | 4.2-3 | 27.00 | 71.00 | 98.00 | OK | |
| r-patched-linux-x86_64 | 4.2-3 | 6.61 | 42.11 | 48.72 | OK | |
| r-release-linux-x86_64 | 4.2-3 | 6.92 | 42.20 | 49.12 | OK | |
| r-release-macos-arm64 | 4.2-3 | 11.00 | 32.00 | 43.00 | OK | |
| r-release-macos-x86_64 | 4.2-3 | 16.00 | 55.00 | 71.00 | OK | |
| r-release-windows-x86_64 | 4.2-3 | 29.00 | 70.00 | 99.00 | OK | |
| r-oldrel-macos-arm64 | 4.2-3 | 10.00 | 41.00 | 51.00 | OK | |
| r-oldrel-macos-x86_64 | 4.2-3 | 11.00 | 45.00 | 56.00 | OK | |
| r-oldrel-windows-x86_64 | 4.2-3 | 27.00 | 71.00 | 98.00 | OK | 
Version: 4.2-3
Check: CRAN incoming feasibility
Result: NOTE
  Maintainer: ‘Drew Schmidt <wrathematics@gmail.com>’
  
  Package CITATION file contains call(s) to old-style personList() or
  as.personList().  Please use c() on person objects instead.
  Package CITATION file contains call(s) to old-style citEntry().  Please
  use bibentry() instead.
Flavors: r-devel-linux-x86_64-debian-clang, r-devel-linux-x86_64-debian-gcc