Last updated on 2025-11-03 17:49:54 CET.
| Flavor | Version | Tinstall | Tcheck | Ttotal | Status | Flags |
|---|---|---|---|---|---|---|
| r-devel-linux-x86_64-debian-clang | 1.0.1 | 6.98 | 82.31 | 89.29 | OK | |
| r-devel-linux-x86_64-debian-gcc | 1.0.1 | 4.47 | 60.68 | 65.15 | OK | |
| r-devel-linux-x86_64-fedora-clang | 1.0.1 | 13.00 | 121.72 | 134.72 | NOTE | |
| r-devel-linux-x86_64-fedora-gcc | 1.0.1 | 14.00 | 128.33 | 142.33 | NOTE | |
| r-devel-windows-x86_64 | 1.0.1 | 9.00 | 95.00 | 104.00 | OK | |
| r-patched-linux-x86_64 | 1.0.1 | 6.44 | 76.19 | 82.63 | OK | |
| r-release-linux-x86_64 | 1.0.1 | 5.37 | 77.08 | 82.45 | OK | |
| r-release-macos-arm64 | 1.0.1 | 4.00 | 70.00 | 74.00 | OK | |
| r-release-macos-x86_64 | 1.0.1 | 8.00 | 82.00 | 90.00 | OK | |
| r-release-windows-x86_64 | 1.0.1 | 9.00 | 95.00 | 104.00 | OK | |
| r-oldrel-macos-arm64 | 1.0.1 | 3.00 | 40.00 | 43.00 | NOTE | |
| r-oldrel-macos-x86_64 | 1.0.1 | 4.00 | 73.00 | 77.00 | NOTE | |
| r-oldrel-windows-x86_64 | 1.0.1 | 11.00 | 111.00 | 122.00 | NOTE |
Version: 1.0.1
Check: dependencies in R code
Result: NOTE
Namespace in Imports field not imported from: ‘glmnet’
All declared Imports should be used.
Flavors: r-devel-linux-x86_64-fedora-clang, r-devel-linux-x86_64-fedora-gcc
Version: 1.0.1
Check: LazyData
Result: NOTE
'LazyData' is specified without a 'data' directory
Flavors: r-oldrel-macos-arm64, r-oldrel-macos-x86_64, r-oldrel-windows-x86_64