Last updated on 2025-11-04 05:51:16 CET.
| Flavor | Version | Tinstall | Tcheck | Ttotal | Status | Flags | 
|---|---|---|---|---|---|---|
| r-devel-linux-x86_64-debian-clang | 1.8 | 19.36 | 103.04 | 122.40 | NOTE | |
| r-devel-linux-x86_64-debian-gcc | 1.8 | 13.70 | 71.66 | 85.36 | NOTE | |
| r-devel-linux-x86_64-fedora-clang | 1.8 | 45.00 | 151.93 | 196.93 | OK | |
| r-devel-linux-x86_64-fedora-gcc | 1.8 | 42.00 | 142.25 | 184.25 | OK | |
| r-devel-windows-x86_64 | 1.8 | 20.00 | 104.00 | 124.00 | OK | |
| r-patched-linux-x86_64 | 1.8 | 19.32 | 98.99 | 118.31 | OK | |
| r-release-linux-x86_64 | 1.8 | 18.91 | 98.61 | 117.52 | OK | |
| r-release-macos-arm64 | 1.8 | 9.00 | 48.00 | 57.00 | OK | |
| r-release-macos-x86_64 | 1.8 | 21.00 | 96.00 | 117.00 | OK | |
| r-release-windows-x86_64 | 1.8 | 19.00 | 103.00 | 122.00 | OK | |
| r-oldrel-macos-arm64 | 1.8 | 9.00 | 42.00 | 51.00 | OK | |
| r-oldrel-macos-x86_64 | 1.8 | 18.00 | 64.00 | 82.00 | OK | |
| r-oldrel-windows-x86_64 | 1.8 | 27.00 | 137.00 | 164.00 | OK | 
Version: 1.8
Check: CRAN incoming feasibility
Result: NOTE
  Maintainer: ‘Maengseok Noh <msnoh@pknu.ac.kr>’
  
  No Authors@R field in DESCRIPTION.
  Please add one, modifying
    Authors@R: c(person(given = "Youngjo",
                        family = "Lee",
                        role = "aut"),
                 person(given = "Marek",
                        family = "Molas",
                        role = "aut"),
                 person(given = "Maengseok",
                        family = "Noh",
                        role = c("aut", "cre"),
                        email = "msnoh@pknu.ac.kr"))
  as necessary.
Flavors: r-devel-linux-x86_64-debian-clang, r-devel-linux-x86_64-debian-gcc