CRAN Package Check Results for Package mcmcOutput

Last updated on 2025-05-23 06:49:55 CEST.

Flavor Version Tinstall Tcheck Ttotal Status Flags
r-devel-linux-x86_64-debian-clang 0.1.3 3.53 36.16 39.69 NOTE
r-devel-linux-x86_64-debian-gcc 0.1.3 2.84 27.48 30.32 NOTE
r-devel-linux-x86_64-fedora-clang 0.1.3 61.01 OK
r-devel-linux-x86_64-fedora-gcc 0.1.3 60.50 OK
r-devel-windows-x86_64 0.1.3 5.00 110.00 115.00 NOTE
r-patched-linux-x86_64 0.1.3 3.85 34.74 38.59 NOTE
r-release-linux-x86_64 0.1.3 3.13 34.20 37.33 NOTE
r-release-macos-arm64 0.1.3 25.00 OK
r-release-macos-x86_64 0.1.3 42.00 OK
r-release-windows-x86_64 0.1.3 5.00 114.00 119.00 NOTE
r-oldrel-macos-arm64 0.1.3 22.00 OK
r-oldrel-macos-x86_64 0.1.3 40.00 OK
r-oldrel-windows-x86_64 0.1.3 5.00 73.00 78.00 OK

Check Details

Version: 0.1.3
Check: Rd cross-references
Result: NOTE Found the following Rd file(s) with Rd \link{} targets missing package anchors: method_plot.Rd: hdi Please provide package anchors for all Rd \link{} targets not in the package itself and the base packages. Flavors: r-devel-linux-x86_64-debian-clang, r-devel-linux-x86_64-debian-gcc, r-devel-windows-x86_64, r-patched-linux-x86_64, r-release-linux-x86_64, r-release-windows-x86_64

mirror server hosted at Truenetwork, Russian Federation.