Last updated on 2025-02-21 17:50:48 CET.
Flavor | Version | Tinstall | Tcheck | Ttotal | Status | Flags |
---|---|---|---|---|---|---|
r-devel-linux-x86_64-debian-clang | 0.3.3 | 20.58 | 24.99 | 45.57 | NOTE | |
r-devel-linux-x86_64-debian-gcc | 0.3.3 | 13.32 | 19.60 | 32.92 | NOTE | |
r-devel-linux-x86_64-fedora-clang | 0.3.3 | 78.64 | NOTE | |||
r-devel-linux-x86_64-fedora-gcc | 0.3.3 | 79.91 | NOTE | |||
r-devel-macos-arm64 | 0.3.3 | 26.00 | NOTE | |||
r-devel-macos-x86_64 | 0.3.3 | 38.00 | NOTE | |||
r-devel-windows-x86_64 | 0.3.3 | 23.00 | 62.00 | 85.00 | NOTE | |
r-patched-linux-x86_64 | 0.3.3 | 19.89 | 23.86 | 43.75 | NOTE | |
r-release-linux-x86_64 | 0.3.3 | 19.14 | 23.92 | 43.06 | NOTE | |
r-release-macos-arm64 | 0.3.3 | 26.00 | NOTE | |||
r-release-macos-x86_64 | 0.3.3 | 33.00 | NOTE | |||
r-release-windows-x86_64 | 0.3.3 | 22.00 | 66.00 | 88.00 | NOTE | |
r-oldrel-macos-arm64 | 0.3.3 | 27.00 | NOTE | |||
r-oldrel-macos-x86_64 | 0.3.3 | 42.00 | NOTE | |||
r-oldrel-windows-x86_64 | 0.3.3 | 26.00 | 90.00 | 116.00 | NOTE |
Version: 0.3.3
Check: C++ specification
Result: NOTE
Specified C++11: please drop specification unless essential
Flavors: r-devel-linux-x86_64-debian-clang, r-devel-linux-x86_64-debian-gcc, r-devel-linux-x86_64-fedora-clang, r-devel-linux-x86_64-fedora-gcc, r-devel-macos-arm64, r-devel-macos-x86_64, r-devel-windows-x86_64, r-patched-linux-x86_64, r-release-linux-x86_64, r-release-macos-arm64, r-release-macos-x86_64, r-release-windows-x86_64, r-oldrel-macos-arm64, r-oldrel-macos-x86_64, r-oldrel-windows-x86_64