Last updated on 2025-11-04 05:51:16 CET.
| Flavor | Version | Tinstall | Tcheck | Ttotal | Status | Flags | 
|---|---|---|---|---|---|---|
| r-devel-linux-x86_64-debian-clang | 0.9.6 | 13.46 | 98.66 | 112.12 | NOTE | |
| r-devel-linux-x86_64-debian-gcc | 0.9.6 | 8.17 | 72.00 | 80.17 | NOTE | |
| r-devel-linux-x86_64-fedora-clang | 0.9.6 | 63.00 | 118.90 | 181.90 | OK | |
| r-devel-linux-x86_64-fedora-gcc | 0.9.6 | 24.00 | 139.67 | 163.67 | OK | |
| r-devel-windows-x86_64 | 0.9.6 | 12.00 | 95.00 | 107.00 | OK | |
| r-patched-linux-x86_64 | 0.9.6 | 10.96 | 90.89 | 101.85 | OK | |
| r-release-linux-x86_64 | 0.9.6 | 10.98 | 94.15 | 105.13 | OK | |
| r-release-macos-arm64 | 0.9.6 | 7.00 | 44.00 | 51.00 | OK | |
| r-release-macos-x86_64 | 0.9.6 | 13.00 | 89.00 | 102.00 | OK | |
| r-release-windows-x86_64 | 0.9.6 | 13.00 | 101.00 | 114.00 | OK | |
| r-oldrel-macos-arm64 | 0.9.6 | 5.00 | 39.00 | 44.00 | OK | |
| r-oldrel-macos-x86_64 | 0.9.6 | 9.00 | 65.00 | 74.00 | OK | |
| r-oldrel-windows-x86_64 | 0.9.6 | 17.00 | 129.00 | 146.00 | OK | 
Version: 0.9.6
Check: CRAN incoming feasibility
Result: NOTE
  Maintainer: ‘Martin Elff <mclogit@elff.eu>’
  
  No Authors@R field in DESCRIPTION.
  Please add one, modifying
    Authors@R: person(given = "Martin",
                      family = "Elff",
                      role = c("aut", "cre"),
                      email = "mclogit@elff.eu")
  as necessary.
Flavors: r-devel-linux-x86_64-debian-clang, r-devel-linux-x86_64-debian-gcc