Last updated on 2025-11-04 11:52:35 CET.
| Flavor | Version | Tinstall | Tcheck | Ttotal | Status | Flags | 
|---|---|---|---|---|---|---|
| r-devel-linux-x86_64-debian-clang | 1.2.2 | 2.08 | 31.45 | 33.53 | NOTE | |
| r-devel-linux-x86_64-debian-gcc | 1.2.2 | 1.66 | 26.23 | 27.89 | NOTE | |
| r-devel-linux-x86_64-fedora-clang | 1.2.2 | 53.35 | OK | |||
| r-devel-linux-x86_64-fedora-gcc | 1.2.2 | 65.99 | OK | |||
| r-devel-windows-x86_64 | 1.2.2 | 5.00 | 50.00 | 55.00 | OK | |
| r-patched-linux-x86_64 | 1.2.2 | 2.11 | 32.70 | 34.81 | OK | |
| r-release-linux-x86_64 | 1.2.2 | 2.07 | 29.20 | 31.27 | OK | |
| r-release-macos-arm64 | 1.2.2 | 1.00 | 57.00 | 58.00 | OK | |
| r-release-macos-x86_64 | 1.2.2 | 2.00 | 41.00 | 43.00 | OK | |
| r-release-windows-x86_64 | 1.2.2 | 3.00 | 46.00 | 49.00 | OK | |
| r-oldrel-macos-arm64 | 1.2.2 | 1.00 | 23.00 | 24.00 | OK | |
| r-oldrel-macos-x86_64 | 1.2.2 | 3.00 | 55.00 | 58.00 | OK | |
| r-oldrel-windows-x86_64 | 1.2.2 | 5.00 | 54.00 | 59.00 | OK | 
Version: 1.2.2
Check: CRAN incoming feasibility
Result: NOTE
  Maintainer: ‘Gregory R. Warnes <greg@warnes.net>’
  
  No Authors@R field in DESCRIPTION.
  Please add one, modifying
    Authors@R: c(person(given = c("Gregory", "R."),
                        family = "Warnes",
                        role = c("aut", "cre"),
                        email = "greg@warnes.net"),
                 person(given = "Robert",
                        family = "Burrows",
                        role = "aut"))
  as necessary.
Flavors: r-devel-linux-x86_64-debian-clang, r-devel-linux-x86_64-debian-gcc