CRAN Package Check Results for Package maxmatching

Last updated on 2025-05-22 00:49:59 CEST.

Flavor Version Tinstall Tcheck Ttotal Status Flags
r-devel-linux-x86_64-debian-clang 0.1.0 3.13 27.70 30.83 NOTE
r-devel-linux-x86_64-debian-gcc 0.1.0 2.66 21.13 23.79 NOTE
r-devel-linux-x86_64-fedora-clang 0.1.0 49.06 OK
r-devel-linux-x86_64-fedora-gcc 0.1.0 47.02 OK
r-devel-windows-x86_64 0.1.0 5.00 52.00 57.00 OK
r-patched-linux-x86_64 0.1.0 3.52 26.50 30.02 OK
r-release-linux-x86_64 0.1.0 3.81 26.38 30.19 OK
r-release-macos-arm64 0.1.0 22.00 OK
r-release-macos-x86_64 0.1.0 33.00 OK
r-release-windows-x86_64 0.1.0 5.00 61.00 66.00 OK
r-oldrel-macos-arm64 0.1.0 19.00 NOTE
r-oldrel-macos-x86_64 0.1.0 26.00 NOTE
r-oldrel-windows-x86_64 0.1.0 6.00 52.00 58.00 NOTE

Check Details

Version: 0.1.0
Check: CRAN incoming feasibility
Result: NOTE Maintainer: ‘Bowen Deng <baolidakai@gmail.com>’ No Authors@R field in DESCRIPTION. Please add one, modifying Authors@R: person(given = "Bowen", family = "Deng", role = c("aut", "cre"), email = "baolidakai@gmail.com") as necessary. Flavors: r-devel-linux-x86_64-debian-clang, r-devel-linux-x86_64-debian-gcc

Version: 0.1.0
Check: LazyData
Result: NOTE 'LazyData' is specified without a 'data' directory Flavors: r-oldrel-macos-arm64, r-oldrel-macos-x86_64, r-oldrel-windows-x86_64

mirror server hosted at Truenetwork, Russian Federation.