CRAN Package Check Results for Package mau

Last updated on 2025-07-12 18:49:44 CEST.

Flavor Version Tinstall Tcheck Ttotal Status Flags
r-devel-linux-x86_64-debian-clang 0.1.2 6.75 68.02 74.77 NOTE
r-devel-linux-x86_64-debian-gcc 0.1.2 4.90 47.90 52.80 NOTE
r-devel-linux-x86_64-fedora-clang 0.1.2 112.15 NOTE
r-devel-linux-x86_64-fedora-gcc 0.1.2 117.11 NOTE
r-devel-windows-x86_64 0.1.2 8.00 77.00 85.00 OK
r-patched-linux-x86_64 0.1.2 6.31 60.12 66.43 NOTE
r-release-linux-x86_64 0.1.2 6.10 59.79 65.89 NOTE
r-release-macos-arm64 0.1.2 58.00 OK
r-release-macos-x86_64 0.1.2 72.00 OK
r-release-windows-x86_64 0.1.2 9.00 78.00 87.00 OK
r-oldrel-macos-arm64 0.1.2 38.00 OK
r-oldrel-macos-x86_64 0.1.2 61.00 OK
r-oldrel-windows-x86_64 0.1.2 10.00 93.00 103.00 OK

Check Details

Version: 0.1.2
Check: for non-standard things in the check directory
Result: NOTE Found the following files/directories: ‘utilities.R’ Flavors: r-devel-linux-x86_64-debian-clang, r-devel-linux-x86_64-debian-gcc, r-devel-linux-x86_64-fedora-clang, r-devel-linux-x86_64-fedora-gcc, r-patched-linux-x86_64, r-release-linux-x86_64

mirror server hosted at Truenetwork, Russian Federation.