Last updated on 2025-05-22 00:49:59 CEST.
Flavor | Version | Tinstall | Tcheck | Ttotal | Status | Flags |
---|---|---|---|---|---|---|
r-devel-linux-x86_64-debian-clang | 0.1.9 | 84.36 | 32.41 | 116.77 | NOTE | |
r-devel-linux-x86_64-debian-gcc | 0.1.9 | 71.95 | 25.15 | 97.10 | NOTE | |
r-devel-linux-x86_64-fedora-clang | 0.1.9 | 206.03 | NOTE | |||
r-devel-linux-x86_64-fedora-gcc | 0.1.9 | 277.30 | NOTE | |||
r-devel-windows-x86_64 | 0.1.9 | 102.00 | 82.00 | 184.00 | NOTE | |
r-patched-linux-x86_64 | 0.1.9 | 100.21 | 29.83 | 130.04 | NOTE | |
r-release-linux-x86_64 | 0.1.9 | 95.89 | 30.15 | 126.04 | NOTE | |
r-release-macos-arm64 | 0.1.9 | 62.00 | NOTE | |||
r-release-macos-x86_64 | 0.1.9 | 63.00 | NOTE | |||
r-release-windows-x86_64 | 0.1.9 | 101.00 | 81.00 | 182.00 | NOTE | |
r-oldrel-macos-arm64 | 0.1.9 | 34.00 | NOTE | |||
r-oldrel-macos-x86_64 | 0.1.9 | 37.00 | NOTE | |||
r-oldrel-windows-x86_64 | 0.1.9 | 90.00 | 86.00 | 176.00 | NOTE |
Version: 0.1.9
Check: C++ specification
Result: NOTE
Specified C++11: please drop specification unless essential
Flavors: r-devel-linux-x86_64-debian-clang, r-devel-linux-x86_64-debian-gcc, r-devel-linux-x86_64-fedora-clang, r-devel-linux-x86_64-fedora-gcc, r-devel-windows-x86_64, r-patched-linux-x86_64, r-release-linux-x86_64, r-release-macos-arm64, r-release-macos-x86_64, r-release-windows-x86_64, r-oldrel-macos-arm64, r-oldrel-macos-x86_64, r-oldrel-windows-x86_64
Version: 0.1.9
Check: installed package size
Result: NOTE
installed size is 9.0Mb
sub-directories of 1Mb or more:
libs 8.8Mb
Flavors: r-oldrel-macos-arm64, r-oldrel-macos-x86_64
Version: 0.1.9
Check: for GNU extensions in Makefiles
Result: NOTE
GNU make is a SystemRequirements.
Flavors: r-oldrel-macos-arm64, r-oldrel-macos-x86_64, r-oldrel-windows-x86_64