Last updated on 2025-11-04 11:52:35 CET.
| Flavor | Version | Tinstall | Tcheck | Ttotal | Status | Flags | 
|---|---|---|---|---|---|---|
| r-devel-linux-x86_64-debian-clang | 0.1.2 | 1.77 | 19.42 | 21.19 | NOTE | |
| r-devel-linux-x86_64-debian-gcc | 0.1.2 | 1.29 | 16.17 | 17.46 | NOTE | |
| r-devel-linux-x86_64-fedora-clang | 0.1.2 | 30.61 | OK | |||
| r-devel-linux-x86_64-fedora-gcc | 0.1.2 | 28.60 | OK | |||
| r-devel-windows-x86_64 | 0.1.2 | 3.00 | 38.00 | 41.00 | OK | |
| r-patched-linux-x86_64 | 0.1.2 | 1.71 | 18.23 | 19.94 | OK | |
| r-release-linux-x86_64 | 0.1.2 | 1.67 | 18.00 | 19.67 | OK | |
| r-release-macos-arm64 | 0.1.2 | 1.00 | 16.00 | 17.00 | OK | |
| r-release-macos-x86_64 | 0.1.2 | 2.00 | 21.00 | 23.00 | OK | |
| r-release-windows-x86_64 | 0.1.2 | 3.00 | 37.00 | 40.00 | OK | |
| r-oldrel-macos-arm64 | 0.1.2 | 1.00 | 13.00 | 14.00 | OK | |
| r-oldrel-macos-x86_64 | 0.1.2 | 2.00 | 18.00 | 20.00 | OK | |
| r-oldrel-windows-x86_64 | 0.1.2 | 3.00 | 42.00 | 45.00 | OK | 
Version: 0.1.2
Check: CRAN incoming feasibility
Result: NOTE
  Maintainer: ‘Norm Matloff <normmatloff@gmail.com>’
  
  No Authors@R field in DESCRIPTION.
  Please add one, modifying
    Authors@R: c(person(given = "Norm",
                        family = "Matloff",
                        role = c("aut", "cre"),
                        email = "normmatloff@gmail.com"),
                 person(given = "Jack",
                        family = "Norman",
                        role = "aut"))
  as necessary.
Flavors: r-devel-linux-x86_64-debian-clang, r-devel-linux-x86_64-debian-gcc