CRAN Package Check Results for Package mateable

Last updated on 2025-07-13 18:52:48 CEST.

Flavor Version Tinstall Tcheck Ttotal Status Flags
r-devel-linux-x86_64-debian-clang 0.3.2 20.76 47.97 68.73 NOTE
r-devel-linux-x86_64-debian-gcc 0.3.2 15.30 37.51 52.81 NOTE
r-devel-linux-x86_64-fedora-clang 0.3.2 115.66 OK
r-devel-linux-x86_64-fedora-gcc 0.3.2 118.80 OK
r-devel-windows-x86_64 0.3.2 27.00 79.00 106.00 NOTE
r-patched-linux-x86_64 0.3.2 22.20 46.00 68.20 NOTE
r-release-linux-x86_64 0.3.2 19.58 45.42 65.00 NOTE
r-release-macos-arm64 0.3.2 41.00 OK
r-release-macos-x86_64 0.3.2 66.00 OK
r-release-windows-x86_64 0.3.2 28.00 84.00 112.00 NOTE
r-oldrel-macos-arm64 0.3.2 37.00 OK
r-oldrel-macos-x86_64 0.3.2 51.00 OK
r-oldrel-windows-x86_64 0.3.2 32.00 92.00 124.00 OK

Check Details

Version: 0.3.2
Check: Rd cross-references
Result: NOTE Found the following Rd file(s) with Rd \link{} targets missing package anchors: kNearNeighbors.Rd: knn.dist Please provide package anchors for all Rd \link{} targets not in the package itself and the base packages. Flavors: r-devel-linux-x86_64-debian-clang, r-devel-linux-x86_64-debian-gcc, r-devel-windows-x86_64, r-patched-linux-x86_64, r-release-linux-x86_64, r-release-windows-x86_64

mirror server hosted at Truenetwork, Russian Federation.