Last updated on 2025-05-22 06:51:50 CEST.
Flavor | Version | Tinstall | Tcheck | Ttotal | Status | Flags |
---|---|---|---|---|---|---|
r-devel-linux-x86_64-debian-clang | 1.0-4 | 143.11 | 128.12 | 271.23 | OK | |
r-devel-linux-x86_64-debian-gcc | 1.0-4 | 114.73 | 86.35 | 201.08 | OK | |
r-devel-linux-x86_64-fedora-clang | 1.0-4 | 492.30 | OK | |||
r-devel-linux-x86_64-fedora-gcc | 1.0-4 | 571.73 | OK | |||
r-devel-windows-x86_64 | 1.0-4 | 175.00 | 202.00 | 377.00 | OK | |
r-patched-linux-x86_64 | 1.0-4 | 162.87 | 122.82 | 285.69 | OK | |
r-release-linux-x86_64 | 1.0-4 | 160.28 | 122.82 | 283.10 | OK | |
r-release-macos-arm64 | 1.0-4 | 147.00 | OK | |||
r-release-macos-x86_64 | 1.0-4 | 198.00 | OK | |||
r-release-windows-x86_64 | 1.0-4 | 174.00 | 190.00 | 364.00 | OK | |
r-oldrel-macos-arm64 | 1.0-4 | 112.00 | NOTE | |||
r-oldrel-macos-x86_64 | 1.0-4 | 152.00 | NOTE | |||
r-oldrel-windows-x86_64 | 1.0-4 | 197.00 | 225.00 | 422.00 | NOTE |
Version: 1.0-4
Check: installed package size
Result: NOTE
installed size is 13.2Mb
sub-directories of 1Mb or more:
java 3.3Mb
libs 8.9Mb
Flavors: r-oldrel-macos-arm64, r-oldrel-macos-x86_64, r-oldrel-windows-x86_64