Last updated on 2025-11-04 05:51:16 CET.
| Flavor | Version | Tinstall | Tcheck | Ttotal | Status | Flags | 
|---|---|---|---|---|---|---|
| r-devel-linux-x86_64-debian-clang | 1.1.14 | 11.07 | 116.62 | 127.69 | OK | |
| r-devel-linux-x86_64-debian-gcc | 1.1.14 | 8.00 | 87.76 | 95.76 | OK | |
| r-devel-linux-x86_64-fedora-clang | 1.1.14 | 26.00 | 174.71 | 200.71 | OK | |
| r-devel-linux-x86_64-fedora-gcc | 1.1.14 | 25.00 | 176.53 | 201.53 | OK | |
| r-devel-windows-x86_64 | 1.1.14 | 13.00 | 138.00 | 151.00 | OK | |
| r-patched-linux-x86_64 | 1.1.14 | 11.12 | 111.58 | 122.70 | OK | |
| r-release-linux-x86_64 | 1.1.14 | 11.12 | 111.60 | 122.72 | OK | |
| r-release-macos-arm64 | 1.1.14 | 5.00 | 47.00 | 52.00 | OK | |
| r-release-macos-x86_64 | 1.1.14 | 8.00 | 79.00 | 87.00 | OK | |
| r-release-windows-x86_64 | 1.1.14 | 12.00 | 135.00 | 147.00 | OK | |
| r-oldrel-macos-arm64 | 1.1.14 | 5.00 | 60.00 | 65.00 | NOTE | |
| r-oldrel-macos-x86_64 | 1.1.14 | 9.00 | 86.00 | 95.00 | NOTE | |
| r-oldrel-windows-x86_64 | 1.1.14 | 16.00 | 164.00 | 180.00 | NOTE | 
Version: 1.1.14
Check: package dependencies
Result: NOTE
  Package suggested but not available for checking: ‘rrelaxiv’
Flavors: r-oldrel-macos-arm64, r-oldrel-macos-x86_64, r-oldrel-windows-x86_64