Last updated on 2025-11-04 11:52:35 CET.
| Flavor | Version | Tinstall | Tcheck | Ttotal | Status | Flags | 
|---|---|---|---|---|---|---|
| r-devel-linux-x86_64-debian-clang | 0.1.3 | 11.59 | 137.70 | 149.29 | NOTE | |
| r-devel-linux-x86_64-debian-gcc | 0.1.3 | 7.59 | 102.36 | 109.95 | NOTE | |
| r-devel-linux-x86_64-fedora-clang | 0.1.3 | 26.00 | 201.63 | 227.63 | OK | |
| r-devel-linux-x86_64-fedora-gcc | 0.1.3 | 24.00 | 207.32 | 231.32 | OK | |
| r-devel-windows-x86_64 | 0.1.3 | 13.00 | 150.00 | 163.00 | OK | |
| r-patched-linux-x86_64 | 0.1.3 | 11.99 | 129.44 | 141.43 | OK | |
| r-release-linux-x86_64 | 0.1.3 | 11.65 | 128.27 | 139.92 | OK | |
| r-release-macos-arm64 | 0.1.3 | 5.00 | 67.00 | 72.00 | OK | |
| r-release-macos-x86_64 | 0.1.3 | 10.00 | 115.00 | 125.00 | OK | |
| r-release-windows-x86_64 | 0.1.3 | 14.00 | 148.00 | 162.00 | OK | |
| r-oldrel-macos-arm64 | 0.1.3 | 5.00 | 61.00 | 66.00 | OK | |
| r-oldrel-macos-x86_64 | 0.1.3 | 8.00 | 100.00 | 108.00 | OK | |
| r-oldrel-windows-x86_64 | 0.1.3 | 17.00 | 187.00 | 204.00 | OK | 
Version: 0.1.3
Check: CRAN incoming feasibility
Result: NOTE
  Maintainer: ‘Andrea Brancaccio <andrea.brancaccio@unipd.it>’
  
  No Authors@R field in DESCRIPTION.
  Please add one, modifying
    Authors@R: c(person(given = "Andrea",
                        family = "Brancaccio",
                        role = c("aut", "ctb", "cph", "cre"),
                        email = "andrea.brancaccio@unipd.it"),
                 person(given = c("Ottavia", "M."),
                        family = "Epifania",
                        role = c("aut", "ctb", "com")),
                 person(given = "Debora",
                        family = "de Chiusole",
                        role = "ctb"))
  as necessary.
Flavors: r-devel-linux-x86_64-debian-clang, r-devel-linux-x86_64-debian-gcc