CRAN Package Check Results for Package markmyassignment

Last updated on 2025-07-11 12:49:24 CEST.

Flavor Version Tinstall Tcheck Ttotal Status Flags
r-devel-linux-x86_64-debian-clang 0.8.8 1.80 50.57 52.37 NOTE
r-devel-linux-x86_64-debian-gcc 0.8.8 1.83 39.92 41.75 NOTE
r-devel-linux-x86_64-fedora-clang 0.8.8 83.35 OK
r-devel-linux-x86_64-fedora-gcc 0.8.8 108.83 OK
r-devel-windows-x86_64 0.8.8 5.00 72.00 77.00 OK
r-patched-linux-x86_64 0.8.8 3.07 47.16 50.23 OK
r-release-linux-x86_64 0.8.8 2.03 47.46 49.49 OK
r-release-macos-arm64 0.8.8 72.00 OK
r-release-macos-x86_64 0.8.8 141.00 OK
r-release-windows-x86_64 0.8.8 4.00 96.00 100.00 OK
r-oldrel-macos-arm64 0.8.8 40.00 OK
r-oldrel-macos-x86_64 0.8.8 80.00 OK
r-oldrel-windows-x86_64 0.8.8 6.00 84.00 90.00 OK

Check Details

Version: 0.8.8
Check: CRAN incoming feasibility
Result: NOTE Maintainer: ‘Mans Magnusson <mons.magnusson@gmail.com>’ No Authors@R field in DESCRIPTION. Please add one, modifying Authors@R: c(person(given = "Mans", family = "Magnusson", role = c("aut", "cre"), email = "mons.magnusson@gmail.com"), person(given = "Oscar", family = "Pettersson", role = "aut")) as necessary. Flavors: r-devel-linux-x86_64-debian-clang, r-devel-linux-x86_64-debian-gcc

mirror server hosted at Truenetwork, Russian Federation.