Last updated on 2025-11-03 23:50:23 CET.
| Flavor | Version | Tinstall | Tcheck | Ttotal | Status | Flags | 
|---|---|---|---|---|---|---|
| r-devel-linux-x86_64-debian-clang | 0.1.1 | 44.33 | 83.69 | 128.02 | NOTE | |
| r-devel-linux-x86_64-debian-gcc | 0.1.1 | 36.83 | 66.86 | 103.69 | NOTE | |
| r-devel-linux-x86_64-fedora-clang | 0.1.1 | 109.00 | 92.99 | 201.99 | NOTE | |
| r-devel-linux-x86_64-fedora-gcc | 0.1.1 | 96.00 | 121.52 | 217.52 | NOTE | |
| r-devel-windows-x86_64 | 0.1.1 | 53.00 | 110.00 | 163.00 | NOTE | |
| r-patched-linux-x86_64 | 0.1.1 | 51.75 | 78.09 | 129.84 | NOTE | |
| r-release-linux-x86_64 | 0.1.1 | 49.23 | 78.23 | 127.46 | NOTE | |
| r-release-macos-arm64 | 0.1.1 | 21.00 | 68.00 | 89.00 | NOTE | |
| r-release-macos-x86_64 | 0.1.1 | 41.00 | 109.00 | 150.00 | NOTE | |
| r-release-windows-x86_64 | 0.1.1 | 53.00 | 113.00 | 166.00 | NOTE | |
| r-oldrel-macos-arm64 | 0.1.1 | 21.00 | 45.00 | 66.00 | NOTE | |
| r-oldrel-macos-x86_64 | 0.1.1 | 27.00 | 77.00 | 104.00 | NOTE | |
| r-oldrel-windows-x86_64 | 0.1.1 | 63.00 | 144.00 | 207.00 | NOTE | 
Version: 0.1.1
Check: CRAN incoming feasibility
Result: NOTE
  Maintainer: ‘Yixuan Qiu <yixuan.qiu@cos.name>’
  
  No Authors@R field in DESCRIPTION.
  Please add one, modifying
    Authors@R: c(person(given = "Yixuan",
                        family = "Qiu",
                        role = c("aut", "cre"),
                        email = "yixuan.qiu@cos.name"),
                 person(given = "Jiebiao",
                        family = "Wang",
                        role = "aut"),
                 person(given = "Jing",
                        family = "Lei",
                        role = "aut"),
                 person(given = "Kathryn",
                        family = "Roeder",
                        role = "aut"))
  as necessary.
Flavors: r-devel-linux-x86_64-debian-clang, r-devel-linux-x86_64-debian-gcc
Version: 0.1.1
Check: C++ specification
Result: NOTE
    Specified C++11: please drop specification unless essential
Flavors: r-devel-linux-x86_64-debian-clang, r-devel-linux-x86_64-debian-gcc, r-devel-linux-x86_64-fedora-clang, r-devel-linux-x86_64-fedora-gcc, r-devel-windows-x86_64, r-patched-linux-x86_64, r-release-linux-x86_64, r-release-macos-arm64, r-release-macos-x86_64, r-release-windows-x86_64, r-oldrel-macos-arm64, r-oldrel-macos-x86_64, r-oldrel-windows-x86_64
Version: 0.1.1
Check: installed package size
Result: NOTE
    installed size is 18.2Mb
    sub-directories of 1Mb or more:
      examples   2.7Mb
      libs      14.2Mb
Flavors: r-oldrel-macos-arm64, r-oldrel-macos-x86_64, r-oldrel-windows-x86_64