Last updated on 2025-11-04 05:51:15 CET.
| Flavor | Version | Tinstall | Tcheck | Ttotal | Status | Flags | 
|---|---|---|---|---|---|---|
| r-devel-linux-x86_64-debian-clang | 0.1.2 | 3.56 | 32.96 | 36.52 | NOTE | |
| r-devel-linux-x86_64-debian-gcc | 0.1.2 | 2.93 | 26.35 | 29.28 | NOTE | |
| r-devel-linux-x86_64-fedora-clang | 0.1.2 | 52.01 | NOTE | |||
| r-devel-linux-x86_64-fedora-gcc | 0.1.2 | 50.09 | NOTE | |||
| r-devel-windows-x86_64 | 0.1.2 | 6.00 | 48.00 | 54.00 | NOTE | |
| r-patched-linux-x86_64 | 0.1.2 | 3.67 | 30.37 | 34.04 | NOTE | |
| r-release-linux-x86_64 | 0.1.2 | 3.51 | 30.11 | 33.62 | NOTE | |
| r-release-macos-arm64 | 0.1.2 | 2.00 | 19.00 | 21.00 | NOTE | |
| r-release-macos-x86_64 | 0.1.2 | 3.00 | 36.00 | 39.00 | NOTE | |
| r-release-windows-x86_64 | 0.1.2 | 4.00 | 47.00 | 51.00 | NOTE | |
| r-oldrel-macos-arm64 | 0.1.2 | 2.00 | 18.00 | 20.00 | NOTE | |
| r-oldrel-macos-x86_64 | 0.1.2 | 2.00 | 26.00 | 28.00 | NOTE | |
| r-oldrel-windows-x86_64 | 0.1.2 | 6.00 | 58.00 | 64.00 | NOTE | 
Version: 0.1.2
Check: Rd files
Result: NOTE
  checkRd: (-1) markdownInput.Rd:17: Lost braces
      17 | \item{inputId}{The code{input} slot that will be used to access the value.}
         |                        ^
  checkRd: (-1) markdownInput.Rd:35: Lost braces in \enumerate; \value handles \item{}{} directly
  checkRd: (-1) markdownInput.Rd:36: Lost braces in \enumerate; \value handles \item{}{} directly
  checkRd: (-1) markdownInput.Rd:81-82: Lost braces in \enumerate; meant \describe ?
  checkRd: (-1) markdownInput.Rd:84-86: Lost braces in \enumerate; meant \describe ?
  checkRd: (-1) markdownInput.Rd:89-90: Lost braces in \enumerate; meant \describe ?
  checkRd: (-1) moduleMarkdownInput.Rd:64-65: Lost braces in \enumerate; meant \describe ?
  checkRd: (-1) moduleMarkdownInput.Rd:67-69: Lost braces in \enumerate; meant \describe ?
  checkRd: (-1) moduleMarkdownInput.Rd:72-73: Lost braces in \enumerate; meant \describe ?
Flavors: r-devel-linux-x86_64-debian-clang, r-devel-linux-x86_64-debian-gcc, r-devel-linux-x86_64-fedora-clang, r-devel-linux-x86_64-fedora-gcc, r-devel-windows-x86_64, r-patched-linux-x86_64, r-release-linux-x86_64, r-release-macos-arm64, r-release-macos-x86_64, r-release-windows-x86_64, r-oldrel-macos-arm64, r-oldrel-macos-x86_64, r-oldrel-windows-x86_64
Version: 0.1.2
Check: LazyData
Result: NOTE
    'LazyData' is specified without a 'data' directory
Flavors: r-oldrel-macos-arm64, r-oldrel-macos-x86_64, r-oldrel-windows-x86_64