Last updated on 2025-05-27 18:49:54 CEST.
Flavor | Version | Tinstall | Tcheck | Ttotal | Status | Flags |
---|---|---|---|---|---|---|
r-devel-linux-x86_64-debian-clang | 0.8.3 | 9.08 | 94.58 | 103.66 | OK | |
r-devel-linux-x86_64-debian-gcc | 0.8.3 | 6.75 | 67.54 | 74.29 | ERROR | |
r-devel-linux-x86_64-fedora-clang | 0.8.3 | 158.81 | OK | |||
r-devel-linux-x86_64-fedora-gcc | 0.8.3 | 155.34 | OK | |||
r-devel-windows-x86_64 | 0.8.3 | 11.00 | 111.00 | 122.00 | OK | |
r-patched-linux-x86_64 | 0.8.3 | 10.25 | 88.28 | 98.53 | OK | |
r-release-linux-x86_64 | 0.8.3 | 8.52 | 89.30 | 97.82 | OK | |
r-release-macos-arm64 | 0.8.3 | 51.00 | OK | |||
r-release-macos-x86_64 | 0.8.3 | 79.00 | OK | |||
r-release-windows-x86_64 | 0.8.3 | 12.00 | 113.00 | 125.00 | OK | |
r-oldrel-macos-arm64 | 0.8.3 | 48.00 | OK | |||
r-oldrel-macos-x86_64 | 0.8.3 | 85.00 | OK | |||
r-oldrel-windows-x86_64 | 0.8.3 | 15.00 | 133.00 | 148.00 | OK |
Version: 0.8.3
Check: tests
Result: ERROR
Running ‘spelling.R’ [0s/0s]
Running ‘testthat.R’ [19s/12s]
Running the tests in ‘tests/testthat.R’ failed.
Complete output:
> library(testthat)
> library(mark, warn.conflicts = FALSE)
>
> test_check("mark")
Starting 2 test processes
[ FAIL 2 | WARN 0 | SKIP 13 | PASS 829 ]
══ Skipped tests (13) ══════════════════════════════════════════════════════════
• On CRAN (9): 'test-bib.R:38:3', 'test-diff-time.R:251:3',
'test-fact.R:386:3', 'test-handlers.R:89:3', 'test-md5.R:22:3',
'test-note.R:52:3', 'test-note.R:92:3', 'test-pseudo_id.R:68:3',
'test-todos.R:75:3'
• clipr::clipr_available() is not TRUE (2): 'test-clipboard.R:13:3',
'test-clipboard.R:50:3'
• getRversion() >= "4.3" is TRUE (1): 'test-diff-time.R:203:3'
• not static (1): 'test-environments.R:29:3'
══ Failed tests ════════════════════════════════════════════════════════════════
── Error ('test-write.R:23:7'): write_file_md5() types ─────────────────────────
<fujCondition/fuj:namespaceError/namespaceError/error/condition>
Error: <namespaceError> No package found called 'arrow'
package:fuj
Backtrace:
▆
1. └─mark (local) foo(method) at test-write.R:30:5
2. ├─testthat::expect_message(...) at test-write.R:23:7
3. │ └─testthat:::expect_condition_matching(...)
4. │ └─testthat:::quasi_capture(...)
5. │ ├─testthat (local) .capture(...)
6. │ │ └─base::withCallingHandlers(...)
7. │ └─rlang::eval_bare(quo_get_expr(.quo), quo_get_env(.quo))
8. └─mark::write_file_md5(x, temp, method = "feather")
9. ├─base::do.call(write_function, params)
10. └─mark (local) `<fn>`(x = `<df[,3]>`, con = `<file>`)
11. └─mark:::mark_write_arrow(x, con, ..., .method = "feather")
12. └─fuj::require_namespace("arrow")
13. └─fuj:::do_require_namespace(...)
14. └─base::tryCatch(...)
15. └─base (local) tryCatchList(expr, classes, parentenv, handlers)
16. └─base (local) tryCatchOne(expr, names, parentenv, handlers[[1L]])
17. └─value[[3L]](cond)
── Error ('test-write.R:111:3'): arrow prints something to stdout() ────────────
<fujCondition/fuj:namespaceError/namespaceError/error/condition>
Error: <namespaceError> No package found called 'arrow'
package:fuj
Backtrace:
▆
1. └─testthat::expect_snapshot(write_file_md5(quick_dfl(a = 1), method = "feather")) at test-write.R:111:3
2. └─rlang::cnd_signal(state$error)
[ FAIL 2 | WARN 0 | SKIP 13 | PASS 829 ]
Error: Test failures
Execution halted
Flavor: r-devel-linux-x86_64-debian-gcc