Last updated on 2025-05-28 00:49:05 CEST.
Flavor | Version | Tinstall | Tcheck | Ttotal | Status | Flags |
---|---|---|---|---|---|---|
r-devel-linux-x86_64-debian-clang | 1.9-7 | 4.56 | 24.46 | 29.02 | NOTE | |
r-devel-linux-x86_64-debian-gcc | 1.9-7 | 3.30 | 18.78 | 22.08 | NOTE | |
r-devel-linux-x86_64-fedora-clang | 1.9-7 | 45.83 | OK | |||
r-devel-linux-x86_64-fedora-gcc | 1.9-7 | 43.17 | OK | |||
r-devel-windows-x86_64 | 1.9-7 | 8.00 | 55.00 | 63.00 | OK | |
r-patched-linux-x86_64 | 1.9-7 | 4.17 | 23.16 | 27.33 | OK | |
r-release-linux-x86_64 | 1.9-7 | 4.32 | 23.16 | 27.48 | OK | |
r-release-macos-arm64 | 1.9-7 | 37.00 | OK | |||
r-release-macos-x86_64 | 1.9-7 | 44.00 | OK | |||
r-release-windows-x86_64 | 1.9-7 | 9.00 | 56.00 | 65.00 | OK | |
r-oldrel-macos-arm64 | 1.9-7 | 29.00 | OK | |||
r-oldrel-macos-x86_64 | 1.9-7 | 28.00 | OK | |||
r-oldrel-windows-x86_64 | 1.9-7 | 10.00 | 57.00 | 67.00 | OK |
Version: 1.9-7
Check: CRAN incoming feasibility
Result: NOTE
Maintainer: ‘Matt Taddy <mataddy@gmail.com>’
No Authors@R field in DESCRIPTION.
Please add one, modifying
Authors@R: person(given = "Matt",
family = "Taddy",
role = c("aut", "cre"),
email = "mataddy@gmail.com")
as necessary.
Package CITATION file contains call(s) to old-style personList() or
as.personList(). Please use c() on person objects instead.
Package CITATION file contains call(s) to old-style citEntry(). Please
use bibentry() instead.
Flavors: r-devel-linux-x86_64-debian-clang, r-devel-linux-x86_64-debian-gcc