Last updated on 2025-05-27 18:49:54 CEST.
Flavor | Version | Tinstall | Tcheck | Ttotal | Status | Flags |
---|---|---|---|---|---|---|
r-devel-linux-x86_64-debian-clang | 3.4.2.1 | 7.63 | 34.28 | 41.91 | NOTE | |
r-devel-linux-x86_64-debian-gcc | 3.4.2.1 | 6.04 | 25.79 | 31.83 | NOTE | |
r-devel-linux-x86_64-fedora-clang | 3.4.2.1 | 67.74 | OK | |||
r-devel-linux-x86_64-fedora-gcc | 3.4.3 | 67.07 | OK | |||
r-devel-windows-x86_64 | 3.4.3 | 22.00 | 78.00 | 100.00 | OK | |
r-patched-linux-x86_64 | 3.4.2.1 | 7.04 | 32.08 | 39.12 | OK | |
r-release-linux-x86_64 | 3.4.2.1 | 7.14 | 32.22 | 39.36 | OK | |
r-release-macos-arm64 | 3.4.3 | 52.00 | OK | |||
r-release-macos-x86_64 | 3.4.3 | 91.00 | OK | |||
r-release-windows-x86_64 | 3.4.2.1 | 19.00 | 65.00 | 84.00 | OK | |
r-oldrel-macos-arm64 | 3.4.3 | 46.00 | OK | |||
r-oldrel-macos-x86_64 | 3.4.3 | 90.00 | OK | |||
r-oldrel-windows-x86_64 | 3.4.2.1 | 18.00 | 67.00 | 85.00 | OK |
Version: 3.4.2.1
Check: CRAN incoming feasibility
Result: NOTE
Maintainer: ‘Alex Deckmyn <alex.deckmyn@meteo.be>’
No Authors@R field in DESCRIPTION.
Please add one, modifying
Authors@R: c(person(given = c("Original", "S", "code", "by", "Richard", "A."),
family = "Becker",
role = "aut"),
person(given = c("Allan", "R.", "Wilks.", "R", "version", "by", "Ray", "Brownrigg.", "Enhancements", "by", "Thomas", "P"),
family = "Minka",
role = "aut"),
person(given = "Alex",
family = "Deckmyn.",
role = "aut"),
person(given = "Alex",
family = "Deckmyn",
role = "cre",
email = "alex.deckmyn@meteo.be"))
as necessary.
Flavors: r-devel-linux-x86_64-debian-clang, r-devel-linux-x86_64-debian-gcc