Last updated on 2025-11-04 11:52:35 CET.
| Flavor | Version | Tinstall | Tcheck | Ttotal | Status | Flags | 
|---|---|---|---|---|---|---|
| r-devel-linux-x86_64-debian-clang | 1.0.1 | 14.97 | 47.76 | 62.73 | OK | |
| r-devel-linux-x86_64-debian-gcc | 1.0.1 | 12.90 | 35.19 | 48.09 | OK | |
| r-devel-linux-x86_64-fedora-clang | 1.0.1 | 31.00 | 63.29 | 94.29 | OK | |
| r-devel-linux-x86_64-fedora-gcc | 1.0.1 | 28.00 | 59.23 | 87.23 | OK | |
| r-devel-windows-x86_64 | 1.0.1 | 17.00 | 58.00 | 75.00 | OK | |
| r-patched-linux-x86_64 | 1.0.1 | 12.05 | 43.25 | 55.30 | OK | |
| r-release-linux-x86_64 | 1.0.1 | 14.09 | 43.20 | 57.29 | OK | |
| r-release-macos-arm64 | 1.0.1 | 10.00 | 27.00 | 37.00 | OK | |
| r-release-macos-x86_64 | 1.0.1 | 15.00 | 47.00 | 62.00 | OK | |
| r-release-windows-x86_64 | 1.0.1 | 19.00 | 58.00 | 77.00 | OK | |
| r-oldrel-macos-arm64 | 1.0.1 | 12.00 | 30.00 | 42.00 | NOTE | |
| r-oldrel-macos-x86_64 | 1.0.1 | 15.00 | 42.00 | 57.00 | NOTE | |
| r-oldrel-windows-x86_64 | 1.0.1 | 24.00 | 69.00 | 93.00 | NOTE | 
Version: 1.0.1
Check: installed package size
Result: NOTE
    installed size is  8.5Mb
    sub-directories of 1Mb or more:
      R   8.4Mb
Flavors: r-oldrel-macos-arm64, r-oldrel-macos-x86_64, r-oldrel-windows-x86_64