Last updated on 2025-02-22 11:51:31 CET.
Flavor | Version | Tinstall | Tcheck | Ttotal | Status | Flags |
---|---|---|---|---|---|---|
r-devel-linux-x86_64-debian-clang | 1.0.0 | 3.28 | 35.05 | 38.33 | NOTE | |
r-devel-linux-x86_64-debian-gcc | 1.0.0 | 2.78 | 25.73 | 28.51 | NOTE | |
r-devel-linux-x86_64-fedora-clang | 1.0.0 | 61.97 | NOTE | |||
r-devel-linux-x86_64-fedora-gcc | 1.0.0 | 78.55 | NOTE | |||
r-devel-macos-arm64 | 1.0.0 | 33.00 | OK | |||
r-devel-macos-x86_64 | 1.0.0 | 58.00 | NOTE | |||
r-devel-windows-x86_64 | 1.0.0 | 5.00 | 58.00 | 63.00 | NOTE | |
r-patched-linux-x86_64 | 1.0.0 | 3.69 | 32.74 | 36.43 | OK | |
r-release-linux-x86_64 | 1.0.0 | 3.04 | 32.38 | 35.42 | OK | |
r-release-macos-arm64 | 1.0.0 | 36.00 | OK | |||
r-release-macos-x86_64 | 1.0.0 | 59.00 | OK | |||
r-release-windows-x86_64 | 1.0.0 | 5.00 | 60.00 | 65.00 | OK | |
r-oldrel-macos-arm64 | 1.0.0 | 36.00 | OK | |||
r-oldrel-macos-x86_64 | 1.0.0 | 54.00 | OK | |||
r-oldrel-windows-x86_64 | 1.0.0 | 6.00 | 61.00 | 67.00 | OK |
Version: 1.0.0
Check: DESCRIPTION meta-information
Result: NOTE
Missing dependency on R >= 4.1.0 because package code uses the pipe
|> or function shorthand \(...) syntax added in R 4.1.0.
File(s) using such syntax:
‘classify.R’ ‘extract.R’ ‘score.R’
Flavors: r-devel-linux-x86_64-debian-clang, r-devel-linux-x86_64-debian-gcc, r-devel-linux-x86_64-fedora-clang, r-devel-linux-x86_64-fedora-gcc, r-devel-macos-x86_64, r-devel-windows-x86_64