Last updated on 2025-11-04 13:50:18 CET.
| Flavor | Version | Tinstall | Tcheck | Ttotal | Status | Flags |
|---|---|---|---|---|---|---|
| r-devel-linux-x86_64-debian-clang | 0.3.2 | 16.99 | 76.74 | 93.73 | OK | |
| r-devel-linux-x86_64-debian-gcc | 0.3.2 | 14.75 | 57.90 | 72.65 | OK | |
| r-devel-linux-x86_64-fedora-clang | 0.3.2 | 41.00 | 110.10 | 151.10 | OK | |
| r-devel-linux-x86_64-fedora-gcc | 0.3.2 | 36.00 | 111.12 | 147.12 | OK | |
| r-devel-windows-x86_64 | 0.3.2 | 23.00 | 117.00 | 140.00 | OK | |
| r-patched-linux-x86_64 | 0.3.2 | 17.78 | 75.28 | 93.06 | OK | |
| r-release-linux-x86_64 | 0.3.2 | 17.49 | 75.18 | 92.67 | OK | |
| r-release-macos-arm64 | 0.3.2 | 14.00 | 49.00 | 63.00 | OK | |
| r-release-macos-x86_64 | 0.3.2 | 16.00 | 121.00 | 137.00 | OK | |
| r-release-windows-x86_64 | 0.3.2 | 22.00 | 129.00 | 151.00 | OK | |
| r-oldrel-macos-arm64 | 0.3.2 | 13.00 | 39.00 | 52.00 | NOTE | |
| r-oldrel-macos-x86_64 | 0.3.2 | 19.00 | 67.00 | 86.00 | NOTE | |
| r-oldrel-windows-x86_64 | 0.3.2 | 28.00 | 146.00 | 174.00 | NOTE |
Version: 0.3.2
Check: installed package size
Result: NOTE
installed size is 6.0Mb
sub-directories of 1Mb or more:
R 5.0Mb
Flavors: r-oldrel-macos-arm64, r-oldrel-macos-x86_64, r-oldrel-windows-x86_64