Last updated on 2025-11-04 05:51:15 CET.
| Flavor | Version | Tinstall | Tcheck | Ttotal | Status | Flags | 
|---|---|---|---|---|---|---|
| r-devel-linux-x86_64-debian-clang | 1.0.4 | 41.29 | 263.91 | 305.20 | NOTE | |
| r-devel-linux-x86_64-debian-gcc | 1.0.4 | 24.93 | 167.19 | 192.12 | NOTE | |
| r-devel-linux-x86_64-fedora-clang | 1.0.4 | 86.00 | 393.80 | 479.80 | OK | |
| r-devel-linux-x86_64-fedora-gcc | 1.0.4 | 86.00 | 378.47 | 464.47 | OK | |
| r-devel-windows-x86_64 | 1.0.4 | 40.00 | 227.00 | 267.00 | OK | |
| r-patched-linux-x86_64 | 1.0.4 | 37.48 | 251.01 | 288.49 | OK | |
| r-release-linux-x86_64 | 1.0.4 | 37.40 | 252.86 | 290.26 | OK | |
| r-release-macos-arm64 | 1.0.4 | 19.00 | 128.00 | 147.00 | OK | |
| r-release-macos-x86_64 | 1.0.4 | 38.00 | 206.00 | 244.00 | OK | |
| r-release-windows-x86_64 | 1.0.4 | 41.00 | 235.00 | 276.00 | OK | |
| r-oldrel-macos-arm64 | 1.0.4 | 16.00 | 84.00 | 100.00 | OK | |
| r-oldrel-macos-x86_64 | 1.0.4 | 25.00 | 157.00 | 182.00 | OK | |
| r-oldrel-windows-x86_64 | 1.0.4 | 55.00 | 301.00 | 356.00 | OK | 
Version: 1.0.4
Check: CRAN incoming feasibility
Result: NOTE
  Maintainer: ‘Simon Moulds <sim.moulds@gmail.com>’
  
  No Authors@R field in DESCRIPTION.
  Please add one, modifying
    Authors@R: person(given = "Simon",
                      family = "Moulds",
                      role = c("aut", "cre"),
                      email = "sim.moulds@gmail.com")
  as necessary.
Flavors: r-devel-linux-x86_64-debian-clang, r-devel-linux-x86_64-debian-gcc