Last updated on 2025-11-04 05:51:15 CET.
| Flavor | Version | Tinstall | Tcheck | Ttotal | Status | Flags | 
|---|---|---|---|---|---|---|
| r-devel-linux-x86_64-debian-clang | 1.4.6.1 | 4.91 | 30.12 | 35.03 | OK | |
| r-devel-linux-x86_64-debian-gcc | 1.4.6.1 | 3.52 | 23.51 | 27.03 | OK | |
| r-devel-linux-x86_64-fedora-clang | 1.4.6.1 | 10.00 | 40.46 | 50.46 | NOTE | |
| r-devel-linux-x86_64-fedora-gcc | 1.4.6.1 | 11.00 | 38.17 | 49.17 | NOTE | |
| r-devel-windows-x86_64 | 1.4.6.1 | 9.00 | 64.00 | 73.00 | OK | |
| r-patched-linux-x86_64 | 1.4.6.1 | 4.63 | 28.70 | 33.33 | OK | |
| r-release-linux-x86_64 | 1.4.6.1 | 3.97 | 28.39 | 32.36 | OK | |
| r-release-macos-arm64 | 1.4.6.1 | 4.00 | 17.00 | 21.00 | OK | |
| r-release-macos-x86_64 | 1.4.6.1 | 6.00 | 30.00 | 36.00 | OK | |
| r-release-windows-x86_64 | 1.4.6.1 | 10.00 | 74.00 | 84.00 | OK | |
| r-oldrel-macos-arm64 | 1.4.6.1 | 3.00 | 23.00 | 26.00 | OK | |
| r-oldrel-macos-x86_64 | 1.4.6.1 | 5.00 | 51.00 | 56.00 | OK | |
| r-oldrel-windows-x86_64 | 1.4.6.1 | 12.00 | 55.00 | 67.00 | OK | 
Version: 1.4.6.1
Check: compiled code
Result: NOTE
  File ‘ltsa/libs/ltsa.so’:
    Found no calls to: ‘R_registerRoutines’, ‘R_useDynamicSymbols’
  
  It is good practice to register native routines and to disable symbol
  search.
  
  See ‘Writing portable packages’ in the ‘Writing R Extensions’ manual.
Flavors: r-devel-linux-x86_64-fedora-clang, r-devel-linux-x86_64-fedora-gcc