CRAN Package Check Results for Package ltm

Last updated on 2025-11-03 17:49:54 CET.

Flavor Version Tinstall Tcheck Ttotal Status Flags
r-devel-linux-x86_64-debian-clang 1.2-0 16.36 120.82 137.18 NOTE
r-devel-linux-x86_64-debian-gcc 1.2-0 10.75 82.90 93.65 NOTE
r-devel-linux-x86_64-fedora-clang 1.2-0 82.00 145.00 227.00 OK
r-devel-linux-x86_64-fedora-gcc 1.2-0 35.00 168.95 203.95 OK
r-devel-windows-x86_64 1.2-0 19.00 133.00 152.00 OK
r-patched-linux-x86_64 1.2-0 15.90 114.04 129.94 OK
r-release-linux-x86_64 1.2-0 15.00 114.29 129.29 OK
r-release-macos-arm64 1.2-0 7.00 52.00 59.00 OK
r-release-macos-x86_64 1.2-0 16.00 107.00 123.00 OK
r-release-windows-x86_64 1.2-0 17.00 147.00 164.00 OK
r-oldrel-macos-arm64 1.2-0 6.00 41.00 47.00 OK
r-oldrel-macos-x86_64 1.2-0 9.00 97.00 106.00 OK
r-oldrel-windows-x86_64 1.2-0 25.00 158.00 183.00 OK

Check Details

Version: 1.2-0
Check: CRAN incoming feasibility
Result: NOTE Maintainer: ‘Dimitris Rizopoulos <d.rizopoulos@erasmusmc.nl>’ No Authors@R field in DESCRIPTION. Please add one, modifying Authors@R: person(given = "Dimitris", family = "Rizopoulos", role = c("aut", "cre"), email = "d.rizopoulos@erasmusmc.nl") as necessary. Package CITATION file contains call(s) to old-style personList() or as.personList(). Please use c() on person objects instead. Package CITATION file contains call(s) to old-style citEntry(). Please use bibentry() instead. Flavors: r-devel-linux-x86_64-debian-clang, r-devel-linux-x86_64-debian-gcc

mirror server hosted at Truenetwork, Russian Federation.