CRAN Package Check Results for Package lspline

Last updated on 2025-07-13 06:48:29 CEST.

Flavor Version Tinstall Tcheck Ttotal Status Flags
r-devel-linux-x86_64-debian-clang 1.0-0 1.46 29.30 30.76 OK
r-devel-linux-x86_64-debian-gcc 1.0-0 1.18 23.93 25.11 OK
r-devel-linux-x86_64-fedora-clang 1.0-0 48.66 OK
r-devel-linux-x86_64-fedora-gcc 1.0-0 59.21 OK
r-devel-windows-x86_64 1.0-0 2.00 46.00 48.00 OK
r-patched-linux-x86_64 1.0-0 1.66 26.54 28.20 OK
r-release-linux-x86_64 1.0-0 1.46 26.33 27.79 OK
r-release-macos-arm64 1.0-0 34.00 OK
r-release-macos-x86_64 1.0-0 74.00 OK
r-release-windows-x86_64 1.0-0 3.00 54.00 57.00 OK
r-oldrel-macos-arm64 1.0-0 24.00 NOTE
r-oldrel-macos-x86_64 1.0-0 34.00 NOTE
r-oldrel-windows-x86_64 1.0-0 3.00 54.00 57.00 NOTE

Check Details

Version: 1.0-0
Check: LazyData
Result: NOTE 'LazyData' is specified without a 'data' directory Flavors: r-oldrel-macos-arm64, r-oldrel-macos-x86_64, r-oldrel-windows-x86_64

mirror server hosted at Truenetwork, Russian Federation.