Last updated on 2025-11-04 11:52:34 CET.
| Flavor | Version | Tinstall | Tcheck | Ttotal | Status | Flags | 
|---|---|---|---|---|---|---|
| r-devel-linux-x86_64-debian-clang | 1.3.9 | 143.67 | 292.60 | 436.27 | OK | |
| r-devel-linux-x86_64-debian-gcc | 1.3.9 | 116.66 | 219.43 | 336.09 | OK | |
| r-devel-linux-x86_64-fedora-clang | 1.3.9 | 186.00 | 517.31 | 703.31 | OK | |
| r-devel-linux-x86_64-fedora-gcc | 1.3.9 | 244.00 | 544.51 | 788.51 | OK | |
| r-devel-windows-x86_64 | 1.3.9 | 151.00 | 374.00 | 525.00 | OK | |
| r-patched-linux-x86_64 | 1.3.9 | 148.37 | 289.83 | 438.20 | OK | |
| r-release-linux-x86_64 | 1.3.9 | 165.26 | 291.94 | 457.20 | OK | |
| r-release-macos-arm64 | 1.3.9 | 49.00 | 151.00 | 200.00 | OK | |
| r-release-macos-x86_64 | 1.3.9 | 110.00 | 323.00 | 433.00 | OK | |
| r-release-windows-x86_64 | 1.3.9 | 145.00 | 387.00 | 532.00 | OK | |
| r-oldrel-macos-arm64 | 1.3.9 | 47.00 | 142.00 | 189.00 | NOTE | |
| r-oldrel-macos-x86_64 | 1.3.9 | 90.00 | 303.00 | 393.00 | NOTE | |
| r-oldrel-windows-x86_64 | 1.3.9 | 189.00 | 472.00 | 661.00 | OK | 
Version: 1.3.9
Check: installed package size
Result: NOTE
    installed size is 10.6Mb
    sub-directories of 1Mb or more:
      libs   9.8Mb
Flavors: r-oldrel-macos-arm64, r-oldrel-macos-x86_64