Last updated on 2025-05-28 00:49:05 CEST.
Flavor | Version | Tinstall | Tcheck | Ttotal | Status | Flags |
---|---|---|---|---|---|---|
r-devel-linux-x86_64-debian-clang | 0.5.4 | 2.40 | 25.26 | 27.66 | NOTE | |
r-devel-linux-x86_64-debian-gcc | 0.5.4 | 1.95 | 19.15 | 21.10 | NOTE | |
r-devel-linux-x86_64-fedora-clang | 0.5.4 | 43.88 | OK | |||
r-devel-linux-x86_64-fedora-gcc | 0.5.4 | 41.47 | OK | |||
r-devel-windows-x86_64 | 0.5.4 | 3.00 | 59.00 | 62.00 | OK | |
r-patched-linux-x86_64 | 0.5.4 | 2.54 | 24.34 | 26.88 | OK | |
r-release-linux-x86_64 | 0.5.4 | 2.66 | 24.44 | 27.10 | OK | |
r-release-macos-arm64 | 0.5.4 | 28.00 | OK | |||
r-release-macos-x86_64 | 0.5.4 | 29.00 | OK | |||
r-release-windows-x86_64 | 0.5.4 | 3.00 | 52.00 | 55.00 | OK | |
r-oldrel-macos-arm64 | 0.5.4 | 16.00 | OK | |||
r-oldrel-macos-x86_64 | 0.5.4 | 24.00 | OK | |||
r-oldrel-windows-x86_64 | 0.5.4 | 3.00 | 52.00 | 55.00 | OK |
Version: 0.5.4
Check: CRAN incoming feasibility
Result: NOTE
Maintainer: ‘Adam Mantz <amantz@slac.stanford.edu>’
No Authors@R field in DESCRIPTION.
Please add one, modifying
Authors@R: person(given = "Adam",
family = "Mantz",
role = c("aut", "cre"),
email = "amantz@slac.stanford.edu")
as necessary.
Flavors: r-devel-linux-x86_64-debian-clang, r-devel-linux-x86_64-debian-gcc