CRAN Package Check Results for Package lrd

Last updated on 2025-07-21 00:49:54 CEST.

Flavor Version Tinstall Tcheck Ttotal Status Flags
r-devel-linux-x86_64-debian-clang 0.1.0 2.82 43.98 46.80 OK
r-devel-linux-x86_64-debian-gcc 0.1.0 2.15 34.83 36.98 OK
r-devel-linux-x86_64-fedora-clang 0.1.0 73.99 NOTE
r-devel-linux-x86_64-fedora-gcc 0.1.0 85.48 NOTE
r-devel-windows-x86_64 0.1.0 5.00 70.00 75.00 OK
r-patched-linux-x86_64 0.1.0 2.88 42.16 45.04 OK
r-release-linux-x86_64 0.1.0 3.06 42.13 45.19 OK
r-release-macos-arm64 0.1.0 55.00 OK
r-release-macos-x86_64 0.1.0 57.00 OK
r-release-windows-x86_64 0.1.0 5.00 67.00 72.00 OK
r-oldrel-macos-arm64 0.1.0 32.00 OK
r-oldrel-macos-x86_64 0.1.0 47.00 OK
r-oldrel-windows-x86_64 0.1.0 5.00 75.00 80.00 OK

Check Details

Version: 0.1.0
Check: dependencies in R code
Result: NOTE Namespace in Imports field not imported from: ‘knitr’ All declared Imports should be used. Flavors: r-devel-linux-x86_64-fedora-clang, r-devel-linux-x86_64-fedora-gcc

mirror server hosted at Truenetwork, Russian Federation.