CRAN Package Check Results for Package lqmm

Last updated on 2025-07-16 07:49:10 CEST.

Flavor Version Tinstall Tcheck Ttotal Status Flags
r-devel-linux-x86_64-debian-clang 1.5.8 6.90 43.67 50.57 NOTE
r-devel-linux-x86_64-debian-gcc 1.5.8 4.57 32.58 37.15 NOTE
r-devel-linux-x86_64-fedora-clang 1.5.8 78.34 OK
r-devel-linux-x86_64-fedora-gcc 1.5.8 74.40 OK
r-devel-windows-x86_64 1.5.8 10.00 78.00 88.00 OK
r-patched-linux-x86_64 1.5.8 8.04 41.77 49.81 OK
r-release-linux-x86_64 1.5.8 5.73 41.00 46.73 OK
r-release-macos-arm64 1.5.8 29.00 OK
r-release-macos-x86_64 1.5.8 56.00 OK
r-release-windows-x86_64 1.5.8 10.00 92.00 102.00 OK
r-oldrel-macos-arm64 1.5.8 26.00 OK
r-oldrel-macos-x86_64 1.5.8 62.00 OK
r-oldrel-windows-x86_64 1.5.8 12.00 85.00 97.00 OK

Check Details

Version: 1.5.8
Check: CRAN incoming feasibility
Result: NOTE Maintainer: ‘Marco Geraci <marco.geraci@uniroma1.it>’ No Authors@R field in DESCRIPTION. Please add one, modifying Authors@R: person(given = "Marco", family = "Geraci", role = c("aut", "cre"), email = "marco.geraci@uniroma1.it") as necessary. Package CITATION file contains call(s) to old-style personList() or as.personList(). Please use c() on person objects instead. Package CITATION file contains call(s) to old-style citEntry(). Please use bibentry() instead. Flavors: r-devel-linux-x86_64-debian-clang, r-devel-linux-x86_64-debian-gcc

mirror server hosted at Truenetwork, Russian Federation.