Last updated on 2025-11-04 11:52:34 CET.
| Flavor | Version | Tinstall | Tcheck | Ttotal | Status | Flags |
|---|---|---|---|---|---|---|
| r-devel-linux-x86_64-debian-clang | 0.2.5 | 89.62 | 205.91 | 295.53 | OK | |
| r-devel-linux-x86_64-debian-gcc | 0.2.5 | 56.55 | 137.95 | 194.50 | OK | |
| r-devel-linux-x86_64-fedora-clang | 0.2.5 | 160.00 | 351.06 | 511.06 | OK | |
| r-devel-linux-x86_64-fedora-gcc | 0.2.5 | 136.00 | 346.34 | 482.34 | OK | |
| r-devel-windows-x86_64 | 0.2.5 | 109.00 | 328.00 | 437.00 | OK | |
| r-patched-linux-x86_64 | 0.2.5 | 93.83 | 197.29 | 291.12 | OK | |
| r-release-linux-x86_64 | 0.2.5 | 92.23 | 193.27 | 285.50 | OK | |
| r-release-macos-arm64 | 0.2.5 | 31.00 | 146.00 | 177.00 | OK | |
| r-release-macos-x86_64 | 0.2.5 | 42.00 | 368.00 | 410.00 | OK | |
| r-release-windows-x86_64 | 0.2.5 | 105.00 | 333.00 | 438.00 | OK | |
| r-oldrel-macos-arm64 | 0.2.5 | 31.00 | 146.00 | 177.00 | NOTE | |
| r-oldrel-macos-x86_64 | 0.2.5 | 36.00 | 350.00 | 386.00 | NOTE | |
| r-oldrel-windows-x86_64 | 0.2.5 | 124.00 | 421.00 | 545.00 | OK |
Version: 0.2.5
Check: installed package size
Result: NOTE
installed size is 5.1Mb
sub-directories of 1Mb or more:
libs 3.8Mb
Flavors: r-oldrel-macos-arm64, r-oldrel-macos-x86_64