CRAN Package Check Results for Package lowmemtkmeans

Last updated on 2025-02-21 17:50:45 CET.

Flavor Version Tinstall Tcheck Ttotal Status Flags
r-devel-linux-x86_64-debian-clang 0.1.2 20.53 23.92 44.45 NOTE
r-devel-linux-x86_64-debian-gcc 0.1.2 15.55 19.78 35.33 NOTE
r-devel-linux-x86_64-fedora-clang 0.1.2 85.13 NOTE
r-devel-linux-x86_64-fedora-gcc 0.1.2 83.70 NOTE
r-devel-macos-arm64 0.1.2 25.00 NOTE
r-devel-macos-x86_64 0.1.2 40.00 NOTE
r-devel-windows-x86_64 0.1.2 25.00 62.00 87.00 NOTE
r-patched-linux-x86_64 0.1.2 21.01 23.17 44.18 NOTE
r-release-linux-x86_64 0.1.2 23.72 23.02 46.74 NOTE
r-release-macos-arm64 0.1.2 26.00 NOTE
r-release-macos-x86_64 0.1.2 34.00 NOTE
r-release-windows-x86_64 0.1.2 26.00 63.00 89.00 NOTE
r-oldrel-macos-arm64 0.1.2 27.00 NOTE
r-oldrel-macos-x86_64 0.1.2 44.00 NOTE
r-oldrel-windows-x86_64 0.1.2 30.00 93.00 123.00 NOTE

Check Details

Version: 0.1.2
Check: C++ specification
Result: NOTE Specified C++11: please drop specification unless essential Flavors: r-devel-linux-x86_64-debian-clang, r-devel-linux-x86_64-debian-gcc, r-devel-linux-x86_64-fedora-clang, r-devel-linux-x86_64-fedora-gcc, r-devel-macos-arm64, r-devel-macos-x86_64, r-devel-windows-x86_64, r-patched-linux-x86_64, r-release-linux-x86_64, r-release-macos-arm64, r-release-macos-x86_64, r-release-windows-x86_64, r-oldrel-macos-arm64, r-oldrel-macos-x86_64, r-oldrel-windows-x86_64

Version: 0.1.2
Check: compiled code
Result: NOTE File ‘lowmemtkmeans/libs/lowmemtkmeans.so’: Found no calls to: ‘R_registerRoutines’, ‘R_useDynamicSymbols’ It is good practice to register native routines and to disable symbol search. See ‘Writing portable packages’ in the ‘Writing R Extensions’ manual. Flavors: r-devel-linux-x86_64-fedora-clang, r-devel-linux-x86_64-fedora-gcc

Version: 0.1.2
Check: LazyData
Result: NOTE 'LazyData' is specified without a 'data' directory Flavors: r-patched-linux-x86_64, r-release-linux-x86_64, r-release-macos-arm64, r-release-macos-x86_64, r-release-windows-x86_64, r-oldrel-macos-arm64, r-oldrel-macos-x86_64, r-oldrel-windows-x86_64

mirror server hosted at Truenetwork, Russian Federation.