CRAN Package Check Results for Package lorenz

Last updated on 2025-07-10 00:49:42 CEST.

Flavor Version Tinstall Tcheck Ttotal Status Flags
r-devel-linux-x86_64-debian-clang 0.1.0 1.67 22.68 24.35 OK
r-devel-linux-x86_64-debian-gcc 0.1.0 1.78 18.34 20.12 OK
r-devel-linux-x86_64-fedora-clang 0.1.0 36.86 OK
r-devel-linux-x86_64-fedora-gcc 0.1.0 35.05 OK
r-devel-windows-x86_64 0.1.0 3.00 43.00 46.00 OK
r-patched-linux-x86_64 0.1.0 2.32 20.14 22.46 OK
r-release-linux-x86_64 0.1.0 2.48 19.95 22.43 OK
r-release-macos-arm64 0.1.0 17.00 OK
r-release-macos-x86_64 0.1.0 26.00 OK
r-release-windows-x86_64 0.1.0 4.00 42.00 46.00 OK
r-oldrel-macos-arm64 0.1.0 16.00 NOTE
r-oldrel-macos-x86_64 0.1.0 23.00 NOTE
r-oldrel-windows-x86_64 0.1.0 4.00 45.00 49.00 NOTE

Check Details

Version: 0.1.0
Check: LazyData
Result: NOTE 'LazyData' is specified without a 'data' directory Flavors: r-oldrel-macos-arm64, r-oldrel-macos-x86_64, r-oldrel-windows-x86_64

mirror server hosted at Truenetwork, Russian Federation.