CRAN Package Check Results for Package longitudinalANAL

Last updated on 2025-11-28 12:48:42 CET.

Flavor Version Tinstall Tcheck Ttotal Status Flags
r-devel-linux-x86_64-debian-clang 0.2 6.30 41.12 47.42 NOTE
r-devel-linux-x86_64-debian-gcc 0.2 4.32 29.84 34.16 NOTE
r-devel-linux-x86_64-fedora-clang 0.2 16.00 58.06 74.06 OK
r-devel-linux-x86_64-fedora-gcc 0.2 14.00 54.33 68.33 OK
r-devel-windows-x86_64 0.2 9.00 53.00 62.00 OK
r-patched-linux-x86_64 0.2 5.92 39.65 45.57 OK
r-release-linux-x86_64 0.2 4.92 38.67 43.59 OK
r-release-macos-arm64 0.2 OK
r-release-macos-x86_64 0.2 5.00 36.00 41.00 OK
r-release-windows-x86_64 0.2 7.00 53.00 60.00 OK
r-oldrel-macos-arm64 0.2 OK
r-oldrel-macos-x86_64 0.2 4.00 30.00 34.00 OK
r-oldrel-windows-x86_64 0.2 10.00 64.00 74.00 OK

Check Details

Version: 0.2
Check: CRAN incoming feasibility
Result: NOTE Maintainer: ‘Zhuowei Sun <sunzw21@mails.jlu.edu.cn>’ The Description field contains this package: Sun, Z. et al. (2023) <arXiv:2305.17715> and Liu, C. et al. (2023) <arXiv:2305.17662>. Please refer to arXiv e-prints via their arXiv DOI <doi:10.48550/arXiv.YYMM.NNNNN>. Flavors: r-devel-linux-x86_64-debian-clang, r-devel-linux-x86_64-debian-gcc

mirror server hosted at Truenetwork, Russian Federation.