CRAN Package Check Results for Package logitFD

Last updated on 2025-05-22 06:51:49 CEST.

Flavor Version Tinstall Tcheck Ttotal Status Flags
r-devel-linux-x86_64-debian-clang 1.0 8.67 72.19 80.86 NOTE
r-devel-linux-x86_64-debian-gcc 1.0 7.61 52.34 59.95 NOTE
r-devel-linux-x86_64-fedora-clang 1.0 122.28 OK
r-devel-linux-x86_64-fedora-gcc 1.0 122.39 OK
r-devel-windows-x86_64 1.0 10.00 93.00 103.00 OK
r-patched-linux-x86_64 1.0 8.83 68.12 76.95 OK
r-release-linux-x86_64 1.0 6.95 68.33 75.28 OK
r-release-macos-arm64 1.0 38.00 OK
r-release-macos-x86_64 1.0 66.00 OK
r-release-windows-x86_64 1.0 10.00 92.00 102.00 OK
r-oldrel-macos-arm64 1.0 38.00 OK
r-oldrel-macos-x86_64 1.0 84.00 OK
r-oldrel-windows-x86_64 1.0 13.00 104.00 117.00 OK

Check Details

Version: 1.0
Check: CRAN incoming feasibility
Result: NOTE Maintainer: ‘Manuel Escabias <escabias@ugr.es>’ No Authors@R field in DESCRIPTION. Please add one, modifying Authors@R: c(person(given = c("Carmen", "Lucia", "Reina", "Ana", "Maria", "Aguilera"), family = "<aaguiler@ugr.es>", role = "aut", email = "aaguiler@ugr.es"), person(given = "Manuel", family = "Escabias", role = c("aut", "cre"), email = "escabias@ugr.es")) as necessary. Flavors: r-devel-linux-x86_64-debian-clang, r-devel-linux-x86_64-debian-gcc

mirror server hosted at Truenetwork, Russian Federation.