Last updated on 2025-11-04 11:52:34 CET.
| Flavor | Version | Tinstall | Tcheck | Ttotal | Status | Flags | 
|---|---|---|---|---|---|---|
| r-devel-linux-x86_64-debian-clang | 0.3 | 8.15 | 64.40 | 72.55 | NOTE | |
| r-devel-linux-x86_64-debian-gcc | 0.3 | 6.03 | 49.51 | 55.54 | NOTE | |
| r-devel-linux-x86_64-fedora-clang | 0.3 | 18.00 | 92.55 | 110.55 | OK | |
| r-devel-linux-x86_64-fedora-gcc | 0.3 | 16.00 | 102.78 | 118.78 | OK | |
| r-devel-windows-x86_64 | 0.3 | 10.00 | 93.00 | 103.00 | OK | |
| r-patched-linux-x86_64 | 0.3 | 7.08 | 61.41 | 68.49 | OK | |
| r-release-linux-x86_64 | 0.3 | 7.81 | 61.34 | 69.15 | OK | |
| r-release-macos-arm64 | 0.3 | 5.00 | 64.00 | 69.00 | OK | |
| r-release-macos-x86_64 | 0.3 | 7.00 | 88.00 | 95.00 | OK | |
| r-release-windows-x86_64 | 0.3 | 8.00 | 93.00 | 101.00 | OK | |
| r-oldrel-macos-arm64 | 0.3 | 3.00 | 49.00 | 52.00 | OK | |
| r-oldrel-macos-x86_64 | 0.3 | 5.00 | 70.00 | 75.00 | OK | |
| r-oldrel-windows-x86_64 | 0.3 | 11.00 | 118.00 | 129.00 | OK | 
Version: 0.3
Check: CRAN incoming feasibility
Result: NOTE
  Maintainer: ‘Sneha Tody <sn.tody1@gmail.com>’
  
  No Authors@R field in DESCRIPTION.
  Please add one, modifying
    Authors@R: person(given = "Sneha",
                      family = "Tody",
                      role = c("aut", "cre"),
                      email = "sn.tody1@gmail.com")
  as necessary.
Flavors: r-devel-linux-x86_64-debian-clang, r-devel-linux-x86_64-debian-gcc