Last updated on 2025-11-04 05:51:15 CET.
| Flavor | Version | Tinstall | Tcheck | Ttotal | Status | Flags | 
|---|---|---|---|---|---|---|
| r-devel-linux-x86_64-debian-clang | 0.4.4 | 2.84 | 40.13 | 42.97 | OK | |
| r-devel-linux-x86_64-debian-gcc | 0.4.4 | 2.22 | 33.24 | 35.46 | OK | |
| r-devel-linux-x86_64-fedora-clang | 0.4.4 | 65.22 | OK | |||
| r-devel-linux-x86_64-fedora-gcc | 0.4.4 | 85.07 | OK | |||
| r-devel-windows-x86_64 | 0.4.4 | 5.00 | 71.00 | 76.00 | OK | |
| r-patched-linux-x86_64 | 0.4.4 | 2.66 | 38.04 | 40.70 | OK | |
| r-release-linux-x86_64 | 0.4.4 | 2.39 | 37.58 | 39.97 | OK | |
| r-release-macos-arm64 | 0.4.4 | 4.00 | 93.00 | 97.00 | OK | |
| r-release-macos-x86_64 | 0.4.4 | 4.00 | 70.00 | 74.00 | OK | |
| r-release-windows-x86_64 | 0.4.4 | 6.00 | 69.00 | 75.00 | OK | |
| r-oldrel-macos-arm64 | 0.4.4 | 3.00 | 39.00 | 42.00 | OK | |
| r-oldrel-macos-x86_64 | 0.4.4 | 12.00 | 96.00 | 108.00 | OK | |
| r-oldrel-windows-x86_64 | 0.4.4 | 8.00 | 79.00 | 87.00 | NOTE | 
Version: 0.4.4
Check: package dependencies
Result: NOTE
  Package suggested but not available for checking: 'rsyslog'
Flavor: r-oldrel-windows-x86_64