Last updated on 2025-11-04 11:52:34 CET.
| Flavor | Version | Tinstall | Tcheck | Ttotal | Status | Flags | 
|---|---|---|---|---|---|---|
| r-devel-linux-x86_64-debian-clang | 1.1.1 | 3.71 | 25.65 | 29.36 | NOTE | |
| r-devel-linux-x86_64-debian-gcc | 1.1.1 | 2.63 | 21.05 | 23.68 | NOTE | |
| r-devel-linux-x86_64-fedora-clang | 1.1.1 | 41.63 | NOTE | |||
| r-devel-linux-x86_64-fedora-gcc | 1.1.1 | 40.33 | NOTE | |||
| r-devel-windows-x86_64 | 1.1.1 | 4.00 | 46.00 | 50.00 | NOTE | |
| r-patched-linux-x86_64 | 1.1.1 | 3.42 | 23.53 | 26.95 | NOTE | |
| r-release-linux-x86_64 | 1.1.1 | 2.96 | 23.41 | 26.37 | NOTE | |
| r-release-macos-arm64 | 1.1.1 | 2.00 | 18.00 | 20.00 | NOTE | |
| r-release-macos-x86_64 | 1.1.1 | 3.00 | 28.00 | 31.00 | NOTE | |
| r-release-windows-x86_64 | 1.1.1 | 4.00 | 43.00 | 47.00 | NOTE | |
| r-oldrel-macos-arm64 | 1.1.1 | 2.00 | 15.00 | 17.00 | OK | |
| r-oldrel-macos-x86_64 | 1.1.1 | 3.00 | 22.00 | 25.00 | OK | |
| r-oldrel-windows-x86_64 | 1.1.1 | 5.00 | 50.00 | 55.00 | OK | 
Version: 1.1.1
Check: DESCRIPTION meta-information
Result: NOTE
    Missing dependency on R >= 4.1.0 because package code uses the pipe
    |> or function shorthand \(...) syntax added in R 4.1.0.
    File(s) using such syntax:
      ‘logger.R’
Flavors: r-devel-linux-x86_64-debian-clang, r-devel-linux-x86_64-debian-gcc, r-devel-linux-x86_64-fedora-clang, r-devel-linux-x86_64-fedora-gcc, r-devel-windows-x86_64, r-patched-linux-x86_64, r-release-linux-x86_64, r-release-macos-arm64, r-release-macos-x86_64, r-release-windows-x86_64
Version: 1.1.1
Check: dependencies in R code
Result: NOTE
  Namespace in Imports field not imported from: ‘R6’
    All declared Imports should be used.
Flavors: r-devel-linux-x86_64-fedora-clang, r-devel-linux-x86_64-fedora-gcc