CRAN Package Check Results for Package locateip

Last updated on 2025-02-22 11:51:30 CET.

Flavor Version Tinstall Tcheck Ttotal Status Flags
r-devel-linux-x86_64-debian-clang 0.1.2 3.61 32.61 36.22 NOTE
r-devel-linux-x86_64-debian-gcc 0.1.2 2.40 24.21 26.61 NOTE
r-devel-linux-x86_64-fedora-clang 0.1.2 57.30 NOTE
r-devel-linux-x86_64-fedora-gcc 0.1.2 55.01 NOTE
r-devel-macos-arm64 0.1.2 24.00 OK
r-devel-macos-x86_64 0.1.2 44.00 NOTE
r-devel-windows-x86_64 0.1.2 5.00 54.00 59.00 NOTE
r-patched-linux-x86_64 0.1.2 3.62 30.39 34.01 OK
r-release-linux-x86_64 0.1.2 3.27 30.45 33.72 OK
r-release-macos-arm64 0.1.2 25.00 OK
r-release-macos-x86_64 0.1.2 36.00 OK
r-release-windows-x86_64 0.1.2 6.00 52.00 58.00 OK
r-oldrel-macos-arm64 0.1.2 23.00 OK
r-oldrel-macos-x86_64 0.1.2 38.00 OK
r-oldrel-windows-x86_64 0.1.2 6.00 58.00 64.00 OK

Check Details

Version: 0.1.2
Check: DESCRIPTION meta-information
Result: NOTE Missing dependency on R >= 4.1.0 because package code uses the pipe |> or function shorthand \(...) syntax added in R 4.1.0. File(s) using such syntax: ‘locate.R’ Flavors: r-devel-linux-x86_64-debian-clang, r-devel-linux-x86_64-debian-gcc, r-devel-linux-x86_64-fedora-clang, r-devel-linux-x86_64-fedora-gcc, r-devel-macos-x86_64, r-devel-windows-x86_64

mirror server hosted at Truenetwork, Russian Federation.