Last updated on 2025-11-04 05:51:15 CET.
| Flavor | Version | Tinstall | Tcheck | Ttotal | Status | Flags | 
|---|---|---|---|---|---|---|
| r-devel-linux-x86_64-debian-clang | 0.1.1 | 5.42 | 60.70 | 66.12 | NOTE | |
| r-devel-linux-x86_64-debian-gcc | 0.1.1 | 3.79 | 44.09 | 47.88 | NOTE | |
| r-devel-linux-x86_64-fedora-clang | 0.1.1 | 13.00 | 87.17 | 100.17 | NOTE | |
| r-devel-linux-x86_64-fedora-gcc | 0.1.1 | 10.00 | 84.58 | 94.58 | NOTE | |
| r-devel-windows-x86_64 | 0.1.1 | 7.00 | 68.00 | 75.00 | OK | |
| r-patched-linux-x86_64 | 0.1.1 | 5.37 | 56.13 | 61.50 | OK | |
| r-release-linux-x86_64 | 0.1.1 | 4.62 | 55.53 | 60.15 | OK | |
| r-release-macos-arm64 | 0.1.1 | 3.00 | 28.00 | 31.00 | OK | |
| r-release-macos-x86_64 | 0.1.1 | 4.00 | 38.00 | 42.00 | OK | |
| r-release-windows-x86_64 | 0.1.1 | 8.00 | 66.00 | 74.00 | OK | |
| r-oldrel-macos-arm64 | 0.1.1 | 2.00 | 23.00 | 25.00 | NOTE | |
| r-oldrel-macos-x86_64 | 0.1.1 | 3.00 | 37.00 | 40.00 | NOTE | |
| r-oldrel-windows-x86_64 | 0.1.1 | 10.00 | 85.00 | 95.00 | NOTE | 
Version: 0.1.1
Check: CRAN incoming feasibility
Result: NOTE
  Maintainer: ‘Martin Walter <mf-walter@web.de>’
  
  The Description field contains
    Pitkin (2013) <arXiv:1309.6392>.
  Please refer to arXiv e-prints via their arXiv DOI <doi:10.48550/arXiv.YYMM.NNNNN>.
Flavors: r-devel-linux-x86_64-debian-clang, r-devel-linux-x86_64-debian-gcc
Version: 0.1.1
Check: dependencies in R code
Result: NOTE
  Namespace in Imports field not imported from: ‘checkmate’
    All declared Imports should be used.
Flavors: r-devel-linux-x86_64-fedora-clang, r-devel-linux-x86_64-fedora-gcc
Version: 0.1.1
Check: LazyData
Result: NOTE
    'LazyData' is specified without a 'data' directory
Flavors: r-oldrel-macos-arm64, r-oldrel-macos-x86_64, r-oldrel-windows-x86_64