Last updated on 2025-11-04 13:50:18 CET.
| Flavor | Version | Tinstall | Tcheck | Ttotal | Status | Flags |
|---|---|---|---|---|---|---|
| r-devel-linux-x86_64-debian-clang | 2.5.3 | 27.44 | 207.37 | 234.81 | NOTE | |
| r-devel-linux-x86_64-debian-gcc | 2.5.3 | 16.86 | 134.99 | 151.85 | NOTE | |
| r-devel-linux-x86_64-fedora-clang | 2.5.3 | 70.00 | 281.87 | 351.87 | NOTE | |
| r-devel-linux-x86_64-fedora-gcc | 2.5.3 | 58.00 | 269.45 | 327.45 | NOTE | |
| r-devel-windows-x86_64 | 2.5.3 | 30.00 | 271.00 | 301.00 | NOTE | |
| r-patched-linux-x86_64 | 2.5.3 | 37.20 | 190.64 | 227.84 | OK | |
| r-release-linux-x86_64 | 2.5.3 | 24.88 | 191.69 | 216.57 | OK | |
| r-release-macos-arm64 | 2.5.3 | 11.00 | 62.00 | 73.00 | OK | |
| r-release-macos-x86_64 | 2.5.3 | 34.00 | 182.00 | 216.00 | OK | |
| r-release-windows-x86_64 | 2.5.3 | 34.00 | 272.00 | 306.00 | OK | |
| r-oldrel-macos-arm64 | 2.5.3 | 11.00 | 65.00 | 76.00 | OK | |
| r-oldrel-macos-x86_64 | 2.5.3 | 47.00 | 214.00 | 261.00 | OK | |
| r-oldrel-windows-x86_64 | 2.5.3 | 42.00 | 325.00 | 367.00 | OK |
Version: 2.5.3
Check: Rd files
Result: NOTE
checkRd: (-1) rmlmomco.Rd:29-48: Only 4 columns allowed in this table (row 1 has 1)
checkRd: (-1) rmlmomco.Rd:29-48: Only 4 columns allowed in this table (row 9 has 1)
checkRd: (-1) rmlmomco.Rd:29-48: Only 4 columns allowed in this table (row 16 has 1)
Flavors: r-devel-linux-x86_64-debian-clang, r-devel-linux-x86_64-debian-gcc, r-devel-linux-x86_64-fedora-clang, r-devel-linux-x86_64-fedora-gcc, r-devel-windows-x86_64