Last updated on 2025-07-15 00:50:05 CEST.
Flavor | Version | Tinstall | Tcheck | Ttotal | Status | Flags |
---|---|---|---|---|---|---|
r-devel-linux-x86_64-debian-clang | 1.7-2 | 1.63 | 27.46 | 29.09 | NOTE | |
r-devel-linux-x86_64-debian-gcc | 1.7-2 | 1.38 | 23.05 | 24.43 | NOTE | |
r-devel-linux-x86_64-fedora-clang | 1.7-2 | 46.81 | OK | |||
r-devel-linux-x86_64-fedora-gcc | 1.7-2 | 57.40 | OK | |||
r-devel-windows-x86_64 | 1.7-2 | 5.00 | 73.00 | 78.00 | NOTE | |
r-patched-linux-x86_64 | 1.7-2 | 1.83 | 26.31 | 28.14 | NOTE | |
r-release-linux-x86_64 | 1.7-2 | 1.35 | 26.12 | 27.47 | NOTE | |
r-release-macos-arm64 | 1.7-2 | 33.00 | OK | |||
r-release-macos-x86_64 | 1.7-2 | 52.00 | OK | |||
r-release-windows-x86_64 | 1.7-2 | 3.00 | 79.00 | 82.00 | NOTE | |
r-oldrel-macos-arm64 | 1.7-2 | 39.00 | OK | |||
r-oldrel-macos-x86_64 | 1.7-2 | 68.00 | OK | |||
r-oldrel-windows-x86_64 | 1.7-2 | 2.00 | 71.00 | 73.00 | OK |
Version: 1.7-2
Check: Rd cross-references
Result: NOTE
Found the following Rd file(s) with Rd \link{} targets missing package
anchors:
xtable.lm.beta.Rd: xtable
Please provide package anchors for all Rd \link{} targets not in the
package itself and the base packages.
Flavors: r-devel-linux-x86_64-debian-clang, r-devel-linux-x86_64-debian-gcc, r-devel-windows-x86_64, r-patched-linux-x86_64, r-release-linux-x86_64, r-release-windows-x86_64