Last updated on 2025-11-03 23:50:22 CET.
| Flavor | Version | Tinstall | Tcheck | Ttotal | Status | Flags | 
|---|---|---|---|---|---|---|
| r-devel-linux-x86_64-debian-clang | 1.5.13 | 11.75 | 156.05 | 167.80 | OK | |
| r-devel-linux-x86_64-debian-gcc | 1.5.13 | 8.87 | 110.54 | 119.41 | OK | |
| r-devel-linux-x86_64-fedora-clang | 1.5.13 | 49.00 | 217.71 | 266.71 | NOTE | |
| r-devel-linux-x86_64-fedora-gcc | 1.5.13 | 26.00 | 237.81 | 263.81 | NOTE | |
| r-devel-windows-x86_64 | 1.5.13 | 14.00 | 151.00 | 165.00 | OK | |
| r-patched-linux-x86_64 | 1.5.13 | 12.36 | 147.80 | 160.16 | OK | |
| r-release-linux-x86_64 | 1.5.13 | 10.80 | 147.15 | 157.95 | OK | |
| r-release-macos-arm64 | 1.5.13 | 5.00 | 65.00 | 70.00 | OK | |
| r-release-macos-x86_64 | 1.5.13 | 9.00 | 121.00 | 130.00 | OK | |
| r-release-windows-x86_64 | 1.5.13 | 13.00 | 150.00 | 163.00 | OK | |
| r-oldrel-macos-arm64 | 1.5.13 | 5.00 | 69.00 | 74.00 | OK | |
| r-oldrel-macos-x86_64 | 1.5.13 | 7.00 | 96.00 | 103.00 | OK | |
| r-oldrel-windows-x86_64 | 1.5.13 | 18.00 | 200.00 | 218.00 | OK | 
Version: 1.5.13
Check: dependencies in R code
Result: NOTE
  Namespace in Imports field not imported from: ‘e1071’
    All declared Imports should be used.
Flavors: r-devel-linux-x86_64-fedora-clang, r-devel-linux-x86_64-fedora-gcc